CRAN Package Check Results for Package sfcr

Last updated on 2021-09-27 23:50:54 CEST.

Flavor Version Tinstall Tcheck Ttotal Status Flags
r-devel-linux-x86_64-debian-clang 0.1.1 36.88 105.53 142.41 NOTE
r-devel-linux-x86_64-debian-gcc 0.1.1 24.23 79.04 103.27 NOTE
r-devel-linux-x86_64-fedora-clang 0.1.1 183.51 NOTE
r-devel-linux-x86_64-fedora-gcc 0.1.1 169.07 NOTE
r-devel-windows-x86_64 0.1.1 37.00 104.00 141.00 NOTE
r-devel-windows-x86_64-gcc10-UCRT 0.1.1 NOTE
r-patched-linux-x86_64 0.1.1 31.82 100.51 132.33 NOTE
r-patched-solaris-x86 0.1.1 216.10 NOTE
r-release-linux-x86_64 0.1.1 29.94 100.85 130.79 NOTE
r-release-macos-arm64 0.1.1 NOTE
r-release-macos-x86_64 0.1.1 NOTE
r-release-windows-ix86+x86_64 0.1.1 85.00 131.00 216.00 NOTE
r-oldrel-macos-x86_64 0.1.1 OK
r-oldrel-windows-ix86+x86_64 0.1.1 61.00 136.00 197.00 OK

Check Details

Version: 0.1.1
Check: LazyData
Result: NOTE
     'LazyData' is specified without a 'data' directory
Flavors: r-devel-linux-x86_64-debian-clang, r-devel-linux-x86_64-debian-gcc, r-devel-linux-x86_64-fedora-clang, r-devel-linux-x86_64-fedora-gcc, r-devel-windows-x86_64, r-devel-windows-x86_64-gcc10-UCRT, r-patched-linux-x86_64, r-patched-solaris-x86, r-release-linux-x86_64, r-release-macos-arm64, r-release-macos-x86_64, r-release-windows-ix86+x86_64