CRAN Package Check Results for Package set6

Last updated on 2021-10-16 23:49:36 CEST.

Flavor Version Tinstall Tcheck Ttotal Status Flags
r-devel-linux-x86_64-debian-clang 0.2.3 40.23 105.33 145.56 ERROR
r-devel-linux-x86_64-debian-gcc 0.2.3 33.94 83.63 117.57 ERROR
r-devel-linux-x86_64-fedora-clang 0.2.3 205.35 ERROR
r-devel-linux-x86_64-fedora-gcc 0.2.3 193.84 ERROR
r-devel-windows-x86_64 0.2.3 53.00 112.00 165.00 ERROR
r-devel-windows-x86_64-gcc10-UCRT 0.2.3 ERROR
r-patched-linux-x86_64 0.2.3 41.06 107.94 149.00 OK
r-patched-solaris-x86 0.2.3 235.30 OK
r-release-linux-x86_64 0.2.3 41.80 107.28 149.08 OK
r-release-macos-arm64 0.2.3 OK
r-release-macos-x86_64 0.2.3 OK
r-release-windows-ix86+x86_64 0.2.3 62.00 228.00 290.00 OK
r-oldrel-macos-x86_64 0.2.3 OK
r-oldrel-windows-ix86+x86_64 0.2.3 83.00 207.00 290.00 OK

Check Details

Version: 0.2.3
Check: tests
Result: ERROR
     Running 'testthat.R' [50s/54s]
    Running the tests in 'tests/testthat.R' failed.
    Complete output:
     > library(testthat)
     > library(set6)
     >
     > test_check("set6")
     == Failed tests ================================================================
     -- Failure (test_operations_setintersect.R:75:3): ProductSet -------------------
     ... & Set$new(Tuple$new(1, 4)) not equal to Set$new(Tuple$new(1, 4)).
     Component ".__enclos_env__": Component "private": Component ".elements": Length mismatch: comparison on first 1 components
     Component ".__enclos_env__": Component "private": Component ".elements": Component 1: Component 1: Component 1: Component 1: Component 2: Component 3: names for target but not for current
     Component ".__enclos_env__": Component "private": Component ".elements": Component 1: Component 1: Component 1: Component 1: Component 2: Component 3: Component 2: Mean relative difference: 0.3333333
     Component ".__enclos_env__": Component "private": Component ".elements": Component 1: Component 1: Component 1: Component 1: Component 2: Component 5: Names: 1 string mismatch
     Component ".__enclos_env__": Component "private": Component ".elements": Component 1: Component 1: Component 1: Component 1: Component 2: Component 7: names for target but not for current
     Component ".__enclos_env__": Component "private": Component ".elements": Component 1: Component 1: Component 1: Component 1: Component 2: Component 7: 1 string mismatch
     Component ".__enclos_env__": Component "private": Component ".elements": Component 1: Component 1: Component 1: Component 1: Component 2: Component 11: Mean relative difference: 0.3333333
     Component ".__enclos_env__": Component "private": Component ".elements": Component 1: Component 1: Component 4: Component 6: names for target but not for current
     Component ".__enclos_env__": Component "private": Component ".elements": Component 1: Component 1: Component 4: Component 6: Component 2: Mean relative difference: 0.3333333
     ...
    
     [ FAIL 1 | WARN 0 | SKIP 0 | PASS 906 ]
     Error: Test failures
     Execution halted
Flavor: r-devel-linux-x86_64-debian-clang

Version: 0.2.3
Check: tests
Result: ERROR
     Running ‘testthat.R’ [40s/60s]
    Running the tests in ‘tests/testthat.R’ failed.
    Complete output:
     > library(testthat)
     > library(set6)
     >
     > test_check("set6")
     ══ Failed tests ════════════════════════════════════════════════════════════════
     ── Failure (test_operations_setintersect.R:75:3): ProductSet ───────────────────
     ... & Set$new(Tuple$new(1, 4)) not equal to Set$new(Tuple$new(1, 4)).
     Component ".__enclos_env__": Component "private": Component ".elements": Length mismatch: comparison on first 1 components
     Component ".__enclos_env__": Component "private": Component ".elements": Component 1: Component 1: Component 1: Component 1: Component 2: Component 3: names for target but not for current
     Component ".__enclos_env__": Component "private": Component ".elements": Component 1: Component 1: Component 1: Component 1: Component 2: Component 3: Component 2: Mean relative difference: 0.3333333
     Component ".__enclos_env__": Component "private": Component ".elements": Component 1: Component 1: Component 1: Component 1: Component 2: Component 5: Names: 1 string mismatch
     Component ".__enclos_env__": Component "private": Component ".elements": Component 1: Component 1: Component 1: Component 1: Component 2: Component 7: names for target but not for current
     Component ".__enclos_env__": Component "private": Component ".elements": Component 1: Component 1: Component 1: Component 1: Component 2: Component 7: 1 string mismatch
     Component ".__enclos_env__": Component "private": Component ".elements": Component 1: Component 1: Component 1: Component 1: Component 2: Component 11: Mean relative difference: 0.3333333
     Component ".__enclos_env__": Component "private": Component ".elements": Component 1: Component 1: Component 4: Component 6: names for target but not for current
     Component ".__enclos_env__": Component "private": Component ".elements": Component 1: Component 1: Component 4: Component 6: Component 2: Mean relative difference: 0.3333333
     ...
    
     [ FAIL 1 | WARN 0 | SKIP 0 | PASS 906 ]
     Error: Test failures
     Execution halted
Flavor: r-devel-linux-x86_64-debian-gcc

Version: 0.2.3
Check: tests
Result: ERROR
     Running ‘testthat.R’ [64s/77s]
    Running the tests in ‘tests/testthat.R’ failed.
    Complete output:
     > library(testthat)
     > library(set6)
     >
     > test_check("set6")
     ══ Failed tests ════════════════════════════════════════════════════════════════
     ── Failure (test_operations_setintersect.R:75:3): ProductSet ───────────────────
     ... & Set$new(Tuple$new(1, 4)) not equal to Set$new(Tuple$new(1, 4)).
     Component ".__enclos_env__": Component "private": Component ".elements": Length mismatch: comparison on first 1 components
     Component ".__enclos_env__": Component "private": Component ".elements": Component 1: Component 1: Component 1: Component 1: Component 2: Component 3: names for target but not for current
     Component ".__enclos_env__": Component "private": Component ".elements": Component 1: Component 1: Component 1: Component 1: Component 2: Component 3: Component 2: Mean relative difference: 0.3333333
     Component ".__enclos_env__": Component "private": Component ".elements": Component 1: Component 1: Component 1: Component 1: Component 2: Component 5: Names: 1 string mismatch
     Component ".__enclos_env__": Component "private": Component ".elements": Component 1: Component 1: Component 1: Component 1: Component 2: Component 7: names for target but not for current
     Component ".__enclos_env__": Component "private": Component ".elements": Component 1: Component 1: Component 1: Component 1: Component 2: Component 7: 1 string mismatch
     Component ".__enclos_env__": Component "private": Component ".elements": Component 1: Component 1: Component 1: Component 1: Component 2: Component 11: Mean relative difference: 0.3333333
     Component ".__enclos_env__": Component "private": Component ".elements": Component 1: Component 1: Component 4: Component 6: names for target but not for current
     Component ".__enclos_env__": Component "private": Component ".elements": Component 1: Component 1: Component 4: Component 6: Component 2: Mean relative difference: 0.3333333
     ...
    
     [ FAIL 1 | WARN 0 | SKIP 0 | PASS 906 ]
     Error: Test failures
     Execution halted
Flavor: r-devel-linux-x86_64-fedora-clang

Version: 0.2.3
Check: tests
Result: ERROR
     Running ‘testthat.R’ [64s/76s]
    Running the tests in ‘tests/testthat.R’ failed.
    Complete output:
     > library(testthat)
     > library(set6)
     >
     > test_check("set6")
     ══ Failed tests ════════════════════════════════════════════════════════════════
     ── Failure (test_operations_setintersect.R:75:3): ProductSet ───────────────────
     ... & Set$new(Tuple$new(1, 4)) not equal to Set$new(Tuple$new(1, 4)).
     Component ".__enclos_env__": Component "private": Component ".elements": Length mismatch: comparison on first 1 components
     Component ".__enclos_env__": Component "private": Component ".elements": Component 1: Component 1: Component 1: Component 1: Component 2: Component 3: names for target but not for current
     Component ".__enclos_env__": Component "private": Component ".elements": Component 1: Component 1: Component 1: Component 1: Component 2: Component 3: Component 2: Mean relative difference: 0.3333333
     Component ".__enclos_env__": Component "private": Component ".elements": Component 1: Component 1: Component 1: Component 1: Component 2: Component 5: Names: 1 string mismatch
     Component ".__enclos_env__": Component "private": Component ".elements": Component 1: Component 1: Component 1: Component 1: Component 2: Component 7: names for target but not for current
     Component ".__enclos_env__": Component "private": Component ".elements": Component 1: Component 1: Component 1: Component 1: Component 2: Component 7: 1 string mismatch
     Component ".__enclos_env__": Component "private": Component ".elements": Component 1: Component 1: Component 1: Component 1: Component 2: Component 11: Mean relative difference: 0.3333333
     Component ".__enclos_env__": Component "private": Component ".elements": Component 1: Component 1: Component 4: Component 6: names for target but not for current
     Component ".__enclos_env__": Component "private": Component ".elements": Component 1: Component 1: Component 4: Component 6: Component 2: Mean relative difference: 0.3333333
     ...
    
     [ FAIL 1 | WARN 0 | SKIP 0 | PASS 906 ]
     Error: Test failures
     Execution halted
Flavor: r-devel-linux-x86_64-fedora-gcc

Version: 0.2.3
Check: tests
Result: ERROR
     Running 'testthat.R' [41s]
    Running the tests in 'tests/testthat.R' failed.
    Complete output:
     > library(testthat)
     > library(set6)
     >
     > test_check("set6")
     == Failed tests ================================================================
     -- Failure (test_operations_setintersect.R:75:3): ProductSet -------------------
     ... & Set$new(Tuple$new(1, 4)) not equal to Set$new(Tuple$new(1, 4)).
     Component ".__enclos_env__": Component "private": Component ".elements": Length mismatch: comparison on first 1 components
     Component ".__enclos_env__": Component "private": Component ".elements": Component 1: Component 1: Component 1: Component 1: Component 2: Component 3: names for target but not for current
     Component ".__enclos_env__": Component "private": Component ".elements": Component 1: Component 1: Component 1: Component 1: Component 2: Component 3: Component 2: Mean relative difference: 0.3333333
     Component ".__enclos_env__": Component "private": Component ".elements": Component 1: Component 1: Component 1: Component 1: Component 2: Component 5: Names: 1 string mismatch
     Component ".__enclos_env__": Component "private": Component ".elements": Component 1: Component 1: Component 1: Component 1: Component 2: Component 7: names for target but not for current
     Component ".__enclos_env__": Component "private": Component ".elements": Component 1: Component 1: Component 1: Component 1: Component 2: Component 7: 1 string mismatch
     Component ".__enclos_env__": Component "private": Component ".elements": Component 1: Component 1: Component 1: Component 1: Component 2: Component 11: Mean relative difference: 0.3333333
     Component ".__enclos_env__": Component "private": Component ".elements": Component 1: Component 1: Component 4: Component 6: names for target but not for current
     Component ".__enclos_env__": Component "private": Component ".elements": Component 1: Component 1: Component 4: Component 6: Component 2: Mean relative difference: 0.3333333
     ...
    
     [ FAIL 1 | WARN 0 | SKIP 0 | PASS 906 ]
     Error: Test failures
     Execution halted
Flavor: r-devel-windows-x86_64

Version: 0.2.3
Check: tests
Result: ERROR
     Running 'testthat.R'
    Running the tests in 'tests/testthat.R' failed.
    Complete output:
     > library(testthat)
     > library(set6)
     >
     > test_check("set6")
     ══ Failed tests ════════════════════════════════════════════════════════════════
     ── Failure (test_operations_setintersect.R:75:3): ProductSet ───────────────────
     ... & Set$new(Tuple$new(1, 4)) not equal to Set$new(Tuple$new(1, 4)).
     Component ".__enclos_env__": Component "private": Component ".elements": Length mismatch: comparison on first 1 components
     Component ".__enclos_env__": Component "private": Component ".elements": Component 1: Component 1: Component 1: Component 1: Component 2: Component 3: names for target but not for current
     Component ".__enclos_env__": Component "private": Component ".elements": Component 1: Component 1: Component 1: Component 1: Component 2: Component 3: Component 2: Mean relative difference: 0.3333333
     Component ".__enclos_env__": Component "private": Component ".elements": Component 1: Component 1: Component 1: Component 1: Component 2: Component 5: Names: 1 string mismatch
     Component ".__enclos_env__": Component "private": Component ".elements": Component 1: Component 1: Component 1: Component 1: Component 2: Component 7: names for target but not for current
     Component ".__enclos_env__": Component "private": Component ".elements": Component 1: Component 1: Component 1: Component 1: Component 2: Component 7: 1 string mismatch
     Component ".__enclos_env__": Component "private": Component ".elements": Component 1: Component 1: Component 1: Component 1: Component 2: Component 11: Mean relative difference: 0.3333333
     Component ".__enclos_env__": Component "private": Component ".elements": Component 1: Component 1: Component 4: Component 6: names for target but not for current
     Component ".__enclos_env__": Component "private": Component ".elements": Component 1: Component 1: Component 4: Component 6: Component 2: Mean relative difference: 0.3333333
     ...
    
     [ FAIL 1 | WARN 0 | SKIP 0 | PASS 906 ]
     Error: Test failures
     Execution halted
Flavor: r-devel-windows-x86_64-gcc10-UCRT