CRAN Package Check Results for Package seqgendiff

Last updated on 2021-10-18 23:49:46 CEST.

Flavor Version Tinstall Tcheck Ttotal Status Flags
r-devel-linux-x86_64-debian-clang 1.2.2 3.79 180.74 184.53 NOTE
r-devel-linux-x86_64-debian-gcc 1.2.2 2.90 132.47 135.37 NOTE
r-devel-linux-x86_64-fedora-clang 1.2.2 127.88 NOTE
r-devel-linux-x86_64-fedora-gcc 1.2.2 121.28 NOTE
r-devel-windows-x86_64 1.2.2 7.00 196.00 203.00 NOTE
r-devel-windows-x86_64-gcc10-UCRT 1.2.2 ERROR
r-patched-linux-x86_64 1.2.2 4.16 178.84 183.00 NOTE
r-patched-solaris-x86 1.2.2 196.80 NOTE
r-release-linux-x86_64 1.2.2 3.89 180.43 184.32 NOTE
r-release-macos-arm64 1.2.2 NOTE
r-release-macos-x86_64 1.2.2 NOTE
r-release-windows-ix86+x86_64 1.2.2 11.00 230.00 241.00 NOTE
r-oldrel-macos-x86_64 1.2.2 NOTE
r-oldrel-windows-ix86+x86_64 1.2.2 9.00 216.00 225.00 OK

Check Details

Version: 1.2.2
Check: LazyData
Result: NOTE
     'LazyData' is specified without a 'data' directory
Flavors: r-devel-linux-x86_64-debian-clang, r-devel-linux-x86_64-debian-gcc, r-devel-linux-x86_64-fedora-clang, r-devel-linux-x86_64-fedora-gcc, r-devel-windows-x86_64, r-patched-linux-x86_64, r-patched-solaris-x86, r-release-linux-x86_64, r-release-macos-arm64, r-release-macos-x86_64, r-release-windows-ix86+x86_64

Version: 1.2.2
Check: package dependencies
Result: NOTE
    Package suggested but not available for checking: ‘airway’
Flavors: r-devel-linux-x86_64-fedora-clang, r-devel-linux-x86_64-fedora-gcc, r-patched-solaris-x86, r-release-macos-x86_64, r-oldrel-macos-x86_64

Version: 1.2.2
Check: package dependencies
Result: ERROR
    Packages required but not available: 'sva', 'cate'
    
    Package suggested but not available for checking: 'DESeq2'
    
    See section 'The DESCRIPTION file' in the 'Writing R Extensions'
    manual.
Flavor: r-devel-windows-x86_64-gcc10-UCRT