CRAN Package Check Results for Package seqest

Last updated on 2021-10-24 23:52:02 CEST.

Flavor Version Tinstall Tcheck Ttotal Status Flags
r-devel-linux-x86_64-debian-clang 1.0.1 119.36 67.09 186.45 NOTE
r-devel-linux-x86_64-debian-gcc 1.0.1 89.76 50.47 140.23 NOTE
r-devel-linux-x86_64-fedora-clang 1.0.1 292.80 NOTE
r-devel-linux-x86_64-fedora-gcc 1.0.1 252.39 NOTE
r-devel-windows-x86_64 1.0.1 165.00 73.00 238.00 NOTE
r-devel-windows-x86_64-gcc10-UCRT 1.0.1 NOTE
r-patched-linux-x86_64 1.0.1 104.64 62.73 167.37 NOTE
r-patched-solaris-x86 1.0.1 243.00 NOTE
r-release-linux-x86_64 1.0.1 110.97 62.09 173.06 NOTE
r-release-macos-arm64 1.0.1 NOTE
r-release-macos-x86_64 1.0.1 NOTE
r-release-windows-ix86+x86_64 1.0.1 221.00 126.00 347.00 NOTE
r-oldrel-macos-x86_64 1.0.1 OK
r-oldrel-windows-ix86+x86_64 1.0.1 314.00 132.00 446.00 OK

Check Details

Version: 1.0.1
Check: LazyData
Result: NOTE
     'LazyData' is specified without a 'data' directory
Flavors: r-devel-linux-x86_64-debian-clang, r-devel-linux-x86_64-debian-gcc, r-devel-linux-x86_64-fedora-clang, r-devel-linux-x86_64-fedora-gcc, r-devel-windows-x86_64, r-devel-windows-x86_64-gcc10-UCRT, r-patched-linux-x86_64, r-patched-solaris-x86, r-release-linux-x86_64, r-release-macos-arm64, r-release-macos-x86_64, r-release-windows-ix86+x86_64

Version: 1.0.1
Check: installed package size
Result: NOTE
     installed size is 5.4Mb
     sub-directories of 1Mb or more:
     libs 5.2Mb
Flavor: r-release-macos-arm64