CRAN Package Check Results for Package sentryR

Last updated on 2021-11-28 23:50:40 CET.

Flavor Version Tinstall Tcheck Ttotal Status Flags
r-devel-linux-x86_64-debian-clang 1.1.0 NOTE
r-devel-linux-x86_64-debian-gcc 1.1.0 2.04 20.35 22.39 NOTE
r-devel-linux-x86_64-fedora-clang 1.1.0 45.06 NOTE
r-devel-linux-x86_64-fedora-gcc 1.1.0 33.19 NOTE
r-devel-windows-x86_64-new-UL 1.1.0 8.00 64.00 72.00 NOTE
r-devel-windows-x86_64-new-TK 1.1.0 NOTE
r-devel-windows-x86_64-old 1.1.0 4.00 44.00 48.00 NOTE
r-patched-linux-x86_64 1.1.0 2.43 23.98 26.41 NOTE
r-patched-solaris-x86 1.1.0 51.60 NOTE
r-release-linux-x86_64 1.1.0 2.05 23.82 25.87 NOTE
r-release-macos-arm64 1.1.0 NOTE
r-release-macos-x86_64 1.1.0 NOTE
r-release-windows-ix86+x86_64 1.1.0 6.00 31.00 37.00 NOTE
r-oldrel-macos-x86_64 1.1.0 OK
r-oldrel-windows-ix86+x86_64 1.1.0 5.00 41.00 46.00 OK

Check Details

Version: 1.1.0
Check: LazyData
Result: NOTE
     'LazyData' is specified without a 'data' directory
Flavors: r-devel-linux-x86_64-debian-clang, r-devel-linux-x86_64-debian-gcc, r-devel-linux-x86_64-fedora-clang, r-devel-linux-x86_64-fedora-gcc, r-devel-windows-x86_64-new-UL, r-devel-windows-x86_64-new-TK, r-devel-windows-x86_64-old, r-patched-linux-x86_64, r-patched-solaris-x86, r-release-linux-x86_64, r-release-macos-arm64, r-release-macos-x86_64, r-release-windows-ix86+x86_64