CRAN Package Check Results for Package sensibo.sky

Last updated on 2022-01-21 23:49:01 CET.

Flavor Version Tinstall Tcheck Ttotal Status Flags
r-devel-linux-x86_64-debian-clang 1.0.0 1.71 32.18 33.89 NOTE
r-devel-linux-x86_64-debian-gcc 1.0.0 1.87 25.61 27.48 NOTE
r-devel-linux-x86_64-fedora-clang 1.0.0 43.21 NOTE
r-devel-linux-x86_64-fedora-gcc 1.0.0 32.01 NOTE
r-devel-windows-x86_64-new-UL 1.0.0 37.00 52.00 89.00 NOTE
r-devel-windows-x86_64-new-TK 1.0.0 NOTE
r-patched-linux-x86_64 1.0.0 2.17 31.27 33.44 NOTE
r-release-linux-x86_64 1.0.0 2.21 30.79 33.00 NOTE
r-release-macos-arm64 1.0.0 NOTE
r-release-macos-x86_64 1.0.0 NOTE
r-release-windows-ix86+x86_64 1.0.0 8.00 40.00 48.00 NOTE
r-oldrel-macos-x86_64 1.0.0 OK
r-oldrel-windows-ix86+x86_64 1.0.0 6.00 39.00 45.00 OK

Check Details

Version: 1.0.0
Check: LazyData
Result: NOTE
     'LazyData' is specified without a 'data' directory
Flavors: r-devel-linux-x86_64-debian-clang, r-devel-linux-x86_64-debian-gcc, r-devel-linux-x86_64-fedora-clang, r-devel-linux-x86_64-fedora-gcc, r-devel-windows-x86_64-new-UL, r-devel-windows-x86_64-new-TK, r-patched-linux-x86_64, r-release-linux-x86_64, r-release-macos-arm64, r-release-macos-x86_64, r-release-windows-ix86+x86_64