CRAN Package Check Results for Package sendgridr

Last updated on 2021-09-22 23:50:18 CEST.

Flavor Version Tinstall Tcheck Ttotal Status Flags
r-devel-linux-x86_64-debian-clang 0.2.4 5.58 50.20 55.78 OK
r-devel-linux-x86_64-debian-gcc 0.2.4 4.42 38.10 42.52 OK
r-devel-linux-x86_64-fedora-clang 0.2.4 73.51 OK
r-devel-linux-x86_64-fedora-gcc 0.2.4 62.56 OK
r-devel-windows-x86_64 0.2.4 7.00 54.00 61.00 OK
r-devel-windows-x86_64-gcc10-UCRT 0.2.4 ERROR
r-patched-linux-x86_64 0.2.4 4.63 46.61 51.24 OK
r-patched-solaris-x86 0.2.4 96.30 OK
r-release-linux-x86_64 0.2.4 4.32 46.95 51.27 OK
r-release-macos-arm64 0.2.4 OK
r-release-macos-x86_64 0.2.4 OK
r-release-windows-ix86+x86_64 0.2.4 14.00 51.00 65.00 OK
r-oldrel-macos-x86_64 0.2.4 OK
r-oldrel-windows-ix86+x86_64 0.2.4 11.00 51.00 62.00 OK

Check Details

Version: 0.2.4
Check: PDF version of manual
Result: WARN
    LaTeX errors when creating PDF version.
    This typically indicates Rd problems.
Flavor: r-devel-windows-x86_64-gcc10-UCRT

Version: 0.2.4
Check: PDF version of manual without hyperrefs or index
Result: ERROR
    Re-running with no redirection of stdout/stderr.
Flavor: r-devel-windows-x86_64-gcc10-UCRT