CRAN Package Check Results for Package semTools

Last updated on 2021-06-22 23:50:48 CEST.

Flavor Version Tinstall Tcheck Ttotal Status Flags
r-devel-linux-x86_64-debian-clang 0.5-4 31.92 275.07 306.99 OK
r-devel-linux-x86_64-debian-gcc 0.5-4 25.13 197.79 222.92 OK
r-devel-linux-x86_64-fedora-clang 0.5-4 366.58 OK
r-devel-linux-x86_64-fedora-gcc 0.5-4 362.74 OK
r-devel-windows-x86_64 0.5-4 51.00 311.00 362.00 OK
r-devel-windows-x86_64-gcc10-UCRT 0.5-4 NOTE
r-patched-linux-x86_64 0.5-4 34.95 261.95 296.90 OK
r-patched-solaris-x86 0.5-4 420.90 OK
r-release-linux-x86_64 0.5-4 30.52 261.71 292.23 OK
r-release-macos-arm64 0.5-4 OK
r-release-macos-x86_64 0.5-4 OK
r-release-windows-ix86+x86_64 0.5-4 58.00 230.00 288.00 OK
r-oldrel-macos-x86_64 0.5-4 OK

Check Details

Version: 0.5-4
Check: package dependencies
Result: NOTE
    Package suggested but not available for checking: 'blavaan'
Flavor: r-devel-windows-x86_64-gcc10-UCRT

Version: 0.5-4
Check: Rd cross-references
Result: NOTE
    Package unavailable to check Rd xrefs: 'blavaan'
Flavor: r-devel-windows-x86_64-gcc10-UCRT