Last updated on 2023-02-06 23:55:58 CET.
Flavor | Version | Tinstall | Tcheck | Ttotal | Status | Flags |
---|---|---|---|---|---|---|
r-devel-linux-x86_64-debian-clang | 1.2.4 | 28.37 | 33.33 | 61.70 | OK | |
r-devel-linux-x86_64-debian-gcc | 1.2.4 | 19.81 | 25.14 | 44.95 | OK | |
r-devel-linux-x86_64-fedora-clang | 1.2.4 | 84.37 | NOTE | |||
r-devel-linux-x86_64-fedora-gcc | 1.2.4 | 73.36 | NOTE | |||
r-devel-windows-x86_64 | 1.2.4 | 30.00 | 80.00 | 110.00 | OK | |
r-patched-linux-x86_64 | 1.2.4 | 19.89 | 32.48 | 52.37 | OK | |
r-release-linux-x86_64 | 1.2.4 | 15.35 | 33.26 | 48.61 | OK | |
r-release-macos-arm64 | 1.2.4 | 23.00 | OK | |||
r-release-macos-x86_64 | 1.2.4 | 35.00 | OK | |||
r-release-windows-x86_64 | 1.2.4 | 31.00 | 83.00 | 114.00 | OK | |
r-oldrel-macos-arm64 | 1.2.4 | 29.00 | OK | |||
r-oldrel-macos-x86_64 | 1.2.4 | 46.00 | OK | |||
r-oldrel-windows-ix86+x86_64 | 1.2.4 | 62.00 | 82.00 | 144.00 | OK |
Version: 1.2.4
Check: compiled code
Result: NOTE
File ‘segmag/libs/segmag.so’:
Found no calls to: ‘R_registerRoutines’, ‘R_useDynamicSymbols’
It is good practice to register native routines and to disable symbol
search.
See ‘Writing portable packages’ in the ‘Writing R Extensions’ manual.
Flavors: r-devel-linux-x86_64-fedora-clang, r-devel-linux-x86_64-fedora-gcc