CRAN Package Check Results for Package seecolor

Last updated on 2024-05-25 00:58:41 CEST.

Flavor Version Tinstall Tcheck Ttotal Status Flags
r-devel-linux-x86_64-debian-clang 0.2.0 2.31 32.72 35.03 OK
r-devel-linux-x86_64-debian-gcc 0.2.0 2.09 25.20 27.29 OK
r-devel-linux-x86_64-fedora-clang 0.2.0 45.36 NOTE
r-devel-linux-x86_64-fedora-gcc 0.2.0 55.19 NOTE
r-devel-windows-x86_64 0.2.0 3.00 48.00 51.00 OK
r-patched-linux-x86_64 0.2.0 3.12 30.94 34.06 OK
r-release-linux-x86_64 0.2.0 3.07 30.70 33.77 OK
r-release-macos-arm64 0.2.0 27.00 OK
r-release-windows-x86_64 0.2.0 4.00 48.00 52.00 OK
r-oldrel-macos-arm64 0.2.0 26.00 OK
r-oldrel-macos-x86_64 0.2.0 34.00 OK
r-oldrel-windows-x86_64 0.2.0 4.00 50.00 54.00 OK

Check Details

Version: 0.2.0
Check: dependencies in R code
Result: NOTE Namespace in Imports field not imported from: ‘fansi’ All declared Imports should be used. Flavors: r-devel-linux-x86_64-fedora-clang, r-devel-linux-x86_64-fedora-gcc