CRAN Package Check Results for Package seecolor

Last updated on 2023-06-07 01:03:37 CEST.

Flavor Version Tinstall Tcheck Ttotal Status Flags
r-devel-linux-x86_64-debian-clang 0.2.0 3.02 29.57 32.59 OK
r-devel-linux-x86_64-debian-gcc 0.2.0 2.18 23.68 25.86 OK
r-devel-linux-x86_64-fedora-clang 0.2.0 40.62 NOTE
r-devel-linux-x86_64-fedora-gcc 0.2.0 50.78 NOTE
r-devel-windows-x86_64 0.2.0 4.00 47.00 51.00 OK
r-patched-linux-x86_64 0.2.0 2.04 28.75 30.79 OK
r-release-linux-x86_64 0.2.0 2.92 27.72 30.64 OK
r-release-macos-arm64 0.2.0 26.00 OK
r-release-macos-x86_64 0.2.0 34.00 OK
r-release-windows-x86_64 0.2.0 4.00 48.00 52.00 OK
r-oldrel-macos-arm64 0.2.0 20.00 OK
r-oldrel-macos-x86_64 0.2.0 28.00 OK
r-oldrel-windows-x86_64 0.2.0 5.00 52.00 57.00 OK

Check Details

Version: 0.2.0
Check: dependencies in R code
Result: NOTE
    Namespace in Imports field not imported from: ‘fansi’
     All declared Imports should be used.
Flavors: r-devel-linux-x86_64-fedora-clang, r-devel-linux-x86_64-fedora-gcc