CRAN Package Check Results for Package seacarb

Last updated on 2021-06-19 23:49:34 CEST.

Flavor Version Tinstall Tcheck Ttotal Status Flags
r-devel-linux-x86_64-debian-clang 3.2.16 20.40 141.75 162.15 OK
r-devel-linux-x86_64-debian-gcc 3.2.16 18.09 103.06 121.15 OK
r-devel-linux-x86_64-fedora-clang 3.2.16 201.43 OK
r-devel-linux-x86_64-fedora-gcc 3.2.16 190.78 OK
r-devel-windows-x86_64 3.2.16 34.00 149.00 183.00 OK
r-devel-windows-x86_64-gcc10-UCRT 3.2.16 ERROR
r-patched-linux-x86_64 3.2.16 23.02 132.33 155.35 OK
r-patched-solaris-x86 3.2.16 243.20 OK
r-release-linux-x86_64 3.2.16 18.81 132.72 151.53 OK
r-release-macos-arm64 3.2.16 OK
r-release-macos-x86_64 3.2.16 OK
r-release-windows-ix86+x86_64 3.2.16 38.00 158.00 196.00 OK
r-oldrel-macos-x86_64 3.2.16 OK
r-oldrel-windows-ix86+x86_64 3.2.16 28.00 158.00 186.00 OK

Check Details

Version: 3.2.16
Check: package dependencies
Result: ERROR
    Package required but not available: 'oce'
    
    See section 'The DESCRIPTION file' in the 'Writing R Extensions'
    manual.
Flavor: r-devel-windows-x86_64-gcc10-UCRT