CRAN Package Check Results for Package sde

Last updated on 2021-12-08 23:49:30 CET.

Flavor Version Tinstall Tcheck Ttotal Status Flags
r-devel-linux-x86_64-debian-clang 2.0.15 9.96 105.05 115.01 OK
r-devel-linux-x86_64-debian-gcc 2.0.15 10.18 87.58 97.76 OK
r-devel-linux-x86_64-fedora-clang 2.0.15 144.39 NOTE
r-devel-linux-x86_64-fedora-gcc 2.0.15 134.23 NOTE
r-devel-windows-x86_64-new-UL 2.0.15 25.00 156.00 181.00 OK
r-devel-windows-x86_64-new-TK 2.0.15 OK
r-devel-windows-x86_64-old 2.0.15 19.00 94.00 113.00 OK
r-patched-linux-x86_64 2.0.15 11.12 101.12 112.24 OK
r-release-linux-x86_64 2.0.15 11.84 102.35 114.19 OK
r-release-macos-arm64 2.0.15 OK
r-release-macos-x86_64 2.0.15 OK
r-release-windows-ix86+x86_64 2.0.15 19.00 168.00 187.00 OK
r-oldrel-macos-x86_64 2.0.15 OK
r-oldrel-windows-ix86+x86_64 2.0.15 28.00 177.00 205.00 OK

Check Details

Version: 2.0.15
Check: compiled code
Result: NOTE
    File ‘sde/libs/sde.so’:
     Found no call to: ‘R_useDynamicSymbols’
    
    It is good practice to register native routines and to disable symbol
    search.
    
    See ‘Writing portable packages’ in the ‘Writing R Extensions’ manual.
Flavors: r-devel-linux-x86_64-fedora-clang, r-devel-linux-x86_64-fedora-gcc