CRAN Package Check Results for Package sde

Last updated on 2022-06-29 23:53:30 CEST.

Flavor Version Tinstall Tcheck Ttotal Status Flags
r-devel-linux-x86_64-debian-clang 2.0.15 11.71 106.41 118.12 OK
r-devel-linux-x86_64-debian-gcc 2.0.15 11.20 82.19 93.39 OK
r-devel-linux-x86_64-fedora-clang 2.0.15 152.96 NOTE
r-devel-linux-x86_64-fedora-gcc 2.0.15 161.87 NOTE
r-devel-windows-x86_64 2.0.15 30.00 141.00 171.00 OK
r-patched-linux-x86_64 2.0.15 15.00 100.86 115.86 OK
r-release-linux-x86_64 2.0.15 11.84 102.46 114.30 OK
r-release-macos-arm64 2.0.15 50.00 OK
r-release-macos-x86_64 2.0.15 76.00 OK
r-release-windows-x86_64 2.0.15 35.00 143.00 178.00 OK
r-oldrel-macos-arm64 2.0.15 54.00 OK
r-oldrel-macos-x86_64 2.0.15 76.00 OK
r-oldrel-windows-ix86+x86_64 2.0.15 29.00 181.00 210.00 OK

Check Details

Version: 2.0.15
Check: compiled code
Result: NOTE
    File ‘sde/libs/sde.so’:
     Found no call to: ‘R_useDynamicSymbols’
    
    It is good practice to register native routines and to disable symbol
    search.
    
    See ‘Writing portable packages’ in the ‘Writing R Extensions’ manual.
Flavors: r-devel-linux-x86_64-fedora-clang, r-devel-linux-x86_64-fedora-gcc