Last updated on 2023-06-02 01:00:38 CEST.
Flavor | Version | Tinstall | Tcheck | Ttotal | Status | Flags |
---|---|---|---|---|---|---|
r-devel-linux-x86_64-debian-clang | 0.2.0 | 5.41 | 43.65 | 49.06 | OK | |
r-devel-linux-x86_64-debian-gcc | 0.2.0 | 4.50 | 34.04 | 38.54 | OK | |
r-devel-linux-x86_64-fedora-clang | 0.2.0 | 63.37 | NOTE | |||
r-devel-linux-x86_64-fedora-gcc | 0.2.0 | 58.02 | NOTE | |||
r-devel-windows-x86_64 | 0.2.0 | 7.00 | 56.00 | 63.00 | OK | |
r-patched-linux-x86_64 | 0.2.0 | OK | ||||
r-release-linux-x86_64 | 0.2.0 | 4.16 | 41.77 | 45.93 | OK | |
r-release-macos-arm64 | 0.2.0 | 24.00 | OK | |||
r-release-macos-x86_64 | 0.2.0 | 32.00 | OK | |||
r-release-windows-x86_64 | 0.2.0 | 8.00 | 61.00 | 69.00 | OK | |
r-oldrel-macos-arm64 | 0.2.0 | 32.00 | NOTE | |||
r-oldrel-macos-x86_64 | 0.2.0 | 34.00 | NOTE | |||
r-oldrel-windows-x86_64 | 0.2.0 | 7.00 | 64.00 | 71.00 | OK |
Version: 0.2.0
Check: data for non-ASCII characters
Result: NOTE
Note: found 1 marked UTF-8 string
Flavors: r-devel-linux-x86_64-fedora-clang, r-devel-linux-x86_64-fedora-gcc, r-oldrel-macos-arm64, r-oldrel-macos-x86_64