CRAN Package Check Results for Package scoringRules

Last updated on 2021-09-15 23:49:58 CEST.

Flavor Version Tinstall Tcheck Ttotal Status Flags
r-devel-linux-x86_64-debian-clang 1.0.1 77.29 290.04 367.33 OK
r-devel-linux-x86_64-debian-gcc 1.0.1 46.29 217.18 263.47 OK
r-devel-linux-x86_64-fedora-clang 1.0.1 448.22 OK
r-devel-linux-x86_64-fedora-gcc 1.0.1 453.74 OK
r-devel-windows-x86_64 1.0.1 77.00 414.00 491.00 OK
r-devel-windows-x86_64-gcc10-UCRT 1.0.1 OK
r-patched-linux-x86_64 1.0.1 56.34 290.36 346.70 OK
r-patched-solaris-x86 1.0.1 598.90 OK
r-release-linux-x86_64 1.0.1 58.08 284.97 343.05 OK
r-release-macos-arm64 1.0.1 NOTE
r-release-macos-x86_64 1.0.1 NOTE
r-release-windows-ix86+x86_64 1.0.1 152.00 350.00 502.00 OK
r-oldrel-macos-x86_64 1.0.1 NOTE
r-oldrel-windows-ix86+x86_64 1.0.1 115.00 379.00 494.00 OK

Check Details

Version: 1.0.1
Check: installed package size
Result: NOTE
     installed size is 6.0Mb
     sub-directories of 1Mb or more:
     libs 4.2Mb
Flavors: r-release-macos-arm64, r-release-macos-x86_64, r-oldrel-macos-x86_64