CRAN Package Check Results for Package scorecardModelUtils

Last updated on 2021-09-23 23:50:20 CEST.

Flavor Version Tinstall Tcheck Ttotal Status Flags
r-devel-linux-x86_64-debian-clang 0.0.1.0 14.48 115.65 130.13 NOTE
r-devel-linux-x86_64-debian-gcc 0.0.1.0 11.25 84.81 96.06 NOTE
r-devel-linux-x86_64-fedora-clang 0.0.1.0 159.57 NOTE
r-devel-linux-x86_64-fedora-gcc 0.0.1.0 147.72 NOTE
r-devel-windows-x86_64 0.0.1.0 19.00 111.00 130.00 NOTE
r-devel-windows-x86_64-gcc10-UCRT 0.0.1.0 NOTE
r-patched-linux-x86_64 0.0.1.0 13.36 107.99 121.35 NOTE
r-patched-solaris-x86 0.0.1.0 219.50 NOTE
r-release-linux-x86_64 0.0.1.0 12.77 107.38 120.15 NOTE
r-release-macos-arm64 0.0.1.0 NOTE
r-release-macos-x86_64 0.0.1.0 NOTE
r-release-windows-ix86+x86_64 0.0.1.0 35.00 115.00 150.00 NOTE
r-oldrel-macos-x86_64 0.0.1.0 OK
r-oldrel-windows-ix86+x86_64 0.0.1.0 28.00 103.00 131.00 OK

Check Details

Version: 0.0.1.0
Check: LazyData
Result: NOTE
     'LazyData' is specified without a 'data' directory
Flavors: r-devel-linux-x86_64-debian-clang, r-devel-linux-x86_64-debian-gcc, r-devel-linux-x86_64-fedora-clang, r-devel-linux-x86_64-fedora-gcc, r-devel-windows-x86_64, r-devel-windows-x86_64-gcc10-UCRT, r-patched-linux-x86_64, r-patched-solaris-x86, r-release-linux-x86_64, r-release-macos-arm64, r-release-macos-x86_64, r-release-windows-ix86+x86_64