CRAN Package Check Results for Package scico

Last updated on 2021-10-19 23:53:10 CEST.

Flavor Version Tinstall Tcheck Ttotal Status Flags
r-devel-linux-x86_64-debian-clang 1.2.0 2.07 25.80 27.87 NOTE
r-devel-linux-x86_64-debian-gcc 1.2.0 1.59 19.56 21.15 NOTE
r-devel-linux-x86_64-fedora-clang 1.2.0 43.70 NOTE
r-devel-linux-x86_64-fedora-gcc 1.2.0 33.38 NOTE
r-devel-windows-x86_64 1.2.0 4.00 36.00 40.00 NOTE
r-devel-windows-x86_64-gcc10-UCRT 1.2.0 NOTE
r-patched-linux-x86_64 1.2.0 1.92 23.90 25.82 NOTE
r-patched-solaris-x86 1.2.0 51.60 NOTE
r-release-linux-x86_64 1.2.0 1.95 28.01 29.96 NOTE
r-release-macos-arm64 1.2.0 NOTE
r-release-macos-x86_64 1.2.0 NOTE
r-release-windows-ix86+x86_64 1.2.0 5.00 41.00 46.00 NOTE
r-oldrel-macos-x86_64 1.2.0 OK
r-oldrel-windows-ix86+x86_64 1.2.0 6.00 43.00 49.00 OK

Check Details

Version: 1.2.0
Check: LazyData
Result: NOTE
     'LazyData' is specified without a 'data' directory
Flavors: r-devel-linux-x86_64-debian-clang, r-devel-linux-x86_64-debian-gcc, r-devel-linux-x86_64-fedora-clang, r-devel-linux-x86_64-fedora-gcc, r-devel-windows-x86_64, r-devel-windows-x86_64-gcc10-UCRT, r-patched-linux-x86_64, r-patched-solaris-x86, r-release-linux-x86_64, r-release-macos-arm64, r-release-macos-x86_64, r-release-windows-ix86+x86_64