CRAN Package Check Results for Package scalpel

Last updated on 2021-10-24 23:52:02 CEST.

Flavor Version Tinstall Tcheck Ttotal Status Flags
r-devel-linux-x86_64-debian-clang 1.0.3 12.85 74.51 87.36 NOTE
r-devel-linux-x86_64-debian-gcc 1.0.3 10.24 58.59 68.83 NOTE
r-devel-linux-x86_64-fedora-clang 1.0.3 114.57 NOTE
r-devel-linux-x86_64-fedora-gcc 1.0.3 102.11 NOTE
r-devel-windows-x86_64 1.0.3 19.00 102.00 121.00 NOTE
r-devel-windows-x86_64-gcc10-UCRT 1.0.3 NOTE
r-patched-linux-x86_64 1.0.3 12.58 72.26 84.84 NOTE
r-patched-solaris-x86 1.0.3 153.50 NOTE
r-release-linux-x86_64 1.0.3 11.78 71.67 83.45 NOTE
r-release-macos-arm64 1.0.3 NOTE
r-release-macos-x86_64 1.0.3 NOTE
r-release-windows-ix86+x86_64 1.0.3 20.00 110.00 130.00 NOTE
r-oldrel-macos-x86_64 1.0.3 OK
r-oldrel-windows-ix86+x86_64 1.0.3 26.00 119.00 145.00 OK

Check Details

Version: 1.0.3
Check: LazyData
Result: NOTE
     'LazyData' is specified without a 'data' directory
Flavors: r-devel-linux-x86_64-debian-clang, r-devel-linux-x86_64-debian-gcc, r-devel-linux-x86_64-fedora-clang, r-devel-linux-x86_64-fedora-gcc, r-devel-windows-x86_64, r-devel-windows-x86_64-gcc10-UCRT, r-patched-linux-x86_64, r-patched-solaris-x86, r-release-linux-x86_64, r-release-macos-arm64, r-release-macos-x86_64, r-release-windows-ix86+x86_64