CRAN Package Check Results for Package scales

Last updated on 2021-12-02 23:51:22 CET.

Flavor Version Tinstall Tcheck Ttotal Status Flags
r-devel-linux-x86_64-debian-clang 1.1.1 6.66 61.66 68.32 OK
r-devel-linux-x86_64-debian-gcc 1.1.1 6.66 46.15 52.81 OK
r-devel-linux-x86_64-fedora-clang 1.1.1 93.31 NOTE
r-devel-linux-x86_64-fedora-gcc 1.1.1 81.90 OK
r-devel-windows-x86_64-new-UL 1.1.1 22.00 107.00 129.00 OK
r-devel-windows-x86_64-new-TK 1.1.1 OK
r-devel-windows-x86_64-old 1.1.1 13.00 62.00 75.00 OK
r-patched-linux-x86_64 1.1.1 8.09 56.38 64.47 OK
r-patched-solaris-x86 1.1.1 104.70 OK
r-release-linux-x86_64 1.1.1 6.98 57.58 64.56 OK
r-release-macos-arm64 1.1.1 OK
r-release-macos-x86_64 1.1.1 OK
r-release-windows-ix86+x86_64 1.1.1 14.00 87.00 101.00 OK
r-oldrel-macos-x86_64 1.1.1 OK
r-oldrel-windows-ix86+x86_64 1.1.1 13.00 84.00 97.00 OK

Check Details

Version: 1.1.1
Check: Rd cross-references
Result: NOTE
    Undeclared package ‘plyr’ in Rd xrefs
Flavor: r-devel-linux-x86_64-fedora-clang