CRAN Package Check Results for Package scDIFtest

Last updated on 2021-10-24 23:52:02 CEST.

Flavor Version Tinstall Tcheck Ttotal Status Flags
r-devel-linux-x86_64-debian-clang 0.1.1 9.19 133.57 142.76 NOTE
r-devel-linux-x86_64-debian-gcc 0.1.1 6.73 99.91 106.64 NOTE
r-devel-linux-x86_64-fedora-clang 0.1.1 173.04 NOTE
r-devel-linux-x86_64-fedora-gcc 0.1.1 163.50 NOTE
r-devel-windows-x86_64 0.1.1 13.00 110.00 123.00 NOTE
r-devel-windows-x86_64-gcc10-UCRT 0.1.1 NOTE
r-patched-linux-x86_64 0.1.1 7.92 123.77 131.69 NOTE
r-patched-solaris-x86 0.1.1 202.00 NOTE
r-release-linux-x86_64 0.1.1 8.00 123.28 131.28 NOTE
r-release-macos-arm64 0.1.1 NOTE
r-release-macos-x86_64 0.1.1 NOTE
r-release-windows-ix86+x86_64 0.1.1 15.00 159.00 174.00 NOTE
r-oldrel-macos-x86_64 0.1.1 OK
r-oldrel-windows-ix86+x86_64 0.1.1 20.00 163.00 183.00 OK

Check Details

Version: 0.1.1
Check: LazyData
Result: NOTE
     'LazyData' is specified without a 'data' directory
Flavors: r-devel-linux-x86_64-debian-clang, r-devel-linux-x86_64-debian-gcc, r-devel-linux-x86_64-fedora-clang, r-devel-linux-x86_64-fedora-gcc, r-devel-windows-x86_64, r-devel-windows-x86_64-gcc10-UCRT, r-patched-linux-x86_64, r-patched-solaris-x86, r-release-linux-x86_64, r-release-macos-arm64, r-release-macos-x86_64, r-release-windows-ix86+x86_64