CRAN Package Check Results for Package sazedR

Last updated on 2023-05-30 00:59:56 CEST.

Flavor Version Tinstall Tcheck Ttotal Status Flags
r-devel-linux-x86_64-debian-clang 2.0.2 5.04 44.67 49.71 NOTE
r-devel-linux-x86_64-debian-gcc 2.0.2 3.44 33.94 37.38 NOTE
r-devel-linux-x86_64-fedora-clang 2.0.2 64.42 NOTE
r-devel-linux-x86_64-fedora-gcc 2.0.2 58.47 NOTE
r-devel-windows-x86_64 2.0.2 7.00 59.00 66.00 NOTE
r-patched-linux-x86_64 2.0.2 4.33 41.95 46.28 NOTE
r-release-linux-x86_64 2.0.2 4.62 42.02 46.64 NOTE
r-release-macos-arm64 2.0.2 25.00 NOTE
r-release-macos-x86_64 2.0.2 33.00 NOTE
r-release-windows-x86_64 2.0.2 8.00 65.00 73.00 NOTE
r-oldrel-macos-arm64 2.0.2 24.00 NOTE
r-oldrel-macos-x86_64 2.0.2 47.00 NOTE
r-oldrel-windows-x86_64 2.0.2 8.00 66.00 74.00 NOTE

Check Details

Version: 2.0.2
Check: LazyData
Result: NOTE
     'LazyData' is specified without a 'data' directory
Flavors: r-devel-linux-x86_64-debian-clang, r-devel-linux-x86_64-debian-gcc, r-devel-linux-x86_64-fedora-clang, r-devel-linux-x86_64-fedora-gcc, r-devel-windows-x86_64, r-patched-linux-x86_64, r-release-linux-x86_64, r-release-macos-arm64, r-release-macos-x86_64, r-release-windows-x86_64, r-oldrel-macos-arm64, r-oldrel-macos-x86_64, r-oldrel-windows-x86_64