CRAN Package Check Results for Package satellite

Last updated on 2021-09-23 23:50:20 CEST.

Flavor Version Tinstall Tcheck Ttotal Status Flags
r-devel-linux-x86_64-debian-clang 1.0.2 34.15 214.34 248.49 OK
r-devel-linux-x86_64-debian-gcc 1.0.2 24.21 168.46 192.67 OK
r-devel-linux-x86_64-fedora-clang 1.0.2 309.43 OK
r-devel-linux-x86_64-fedora-gcc 1.0.2 296.77 OK
r-devel-windows-x86_64 1.0.2 32.00 199.00 231.00 OK
r-devel-windows-x86_64-gcc10-UCRT 1.0.2 OK
r-patched-linux-x86_64 1.0.2 34.84 207.88 242.72 OK
r-patched-solaris-x86 1.0.2 379.20 OK
r-release-linux-x86_64 1.0.2 28.63 210.55 239.18 OK
r-release-macos-arm64 1.0.2 OK
r-release-macos-x86_64 1.0.2 OK
r-release-windows-ix86+x86_64 1.0.2 74.00 315.00 389.00 NOTE
r-oldrel-macos-x86_64 1.0.2 OK
r-oldrel-windows-ix86+x86_64 1.0.2 52.00 323.00 375.00 NOTE

Check Details

Version: 1.0.2
Check: installed package size
Result: NOTE
     installed size is 5.5Mb
     sub-directories of 1Mb or more:
     R 1.5Mb
     extdata 1.3Mb
     libs 2.0Mb
Flavors: r-release-windows-ix86+x86_64, r-oldrel-windows-ix86+x86_64