CRAN Package Check Results for Package sarsop

Last updated on 2021-10-15 23:50:43 CEST.

Flavor Version Tinstall Tcheck Ttotal Status Flags
r-devel-linux-x86_64-debian-clang 0.6.9 172.63 353.64 526.27 OK
r-devel-linux-x86_64-debian-gcc 0.6.9 143.85 323.61 467.46 OK
r-devel-linux-x86_64-fedora-clang 0.6.9 448.73 NOTE
r-devel-linux-x86_64-fedora-gcc 0.6.9 657.16 OK
r-devel-windows-x86_64 0.6.9 16.00 70.00 86.00 NOTE
r-devel-windows-x86_64-gcc10-UCRT 0.6.9 OK
r-patched-linux-x86_64 0.6.9 170.10 356.42 526.52 OK
r-patched-solaris-x86 0.6.9 955.90 NOTE
r-release-linux-x86_64 0.6.9 170.54 355.57 526.11 OK
r-release-macos-arm64 0.6.9 NOTE
r-release-macos-x86_64 0.6.9 NOTE
r-release-windows-ix86+x86_64 0.6.9 28.00 126.00 154.00 NOTE
r-oldrel-macos-x86_64 0.6.9 NOTE
r-oldrel-windows-ix86+x86_64 0.6.9 27.00 123.00 150.00 NOTE

Check Details

Version: 0.6.9
Check: installed package size
Result: NOTE
     installed size is 42.0Mb
     sub-directories of 1Mb or more:
     bin 41.2Mb
Flavors: r-devel-linux-x86_64-fedora-clang, r-devel-windows-x86_64, r-patched-solaris-x86, r-release-macos-arm64, r-release-macos-x86_64, r-release-windows-ix86+x86_64, r-oldrel-macos-x86_64, r-oldrel-windows-ix86+x86_64