Last updated on 2023-10-03 01:05:03 CEST.
Flavor | Version | Tinstall | Tcheck | Ttotal | Status | Flags |
---|---|---|---|---|---|---|
r-devel-linux-x86_64-debian-clang | 1.2.1 | 9.02 | 252.32 | 261.34 | NOTE | |
r-devel-linux-x86_64-debian-gcc | 1.2.1 | 6.80 | 181.79 | 188.59 | NOTE | |
r-devel-linux-x86_64-fedora-clang | 1.2.1 | 309.99 | NOTE | |||
r-devel-linux-x86_64-fedora-gcc | 1.2.1 | 306.26 | NOTE | |||
r-devel-windows-x86_64 | 1.2.1 | 9.00 | 223.00 | 232.00 | NOTE | |
r-patched-linux-x86_64 | 1.2.1 | 9.34 | 228.87 | 238.21 | NOTE | |
r-release-linux-x86_64 | 1.2.1 | 8.37 | 240.76 | 249.13 | NOTE | |
r-release-macos-arm64 | 1.2.1 | 104.00 | NOTE | |||
r-release-macos-x86_64 | 1.2.1 | 186.00 | NOTE | |||
r-release-windows-x86_64 | 1.2.1 | 11.00 | 273.00 | 284.00 | NOTE | |
r-oldrel-macos-arm64 | 1.2.1 | 88.00 | OK | |||
r-oldrel-macos-x86_64 | 1.2.1 | 130.00 | OK | |||
r-oldrel-windows-x86_64 | 1.2.1 | 10.00 | 260.00 | 270.00 | OK |
Version: 1.2.1
Check: dependencies in R code
Result: NOTE
'library' or 'require' call to ‘progress’ in package code.
Please use :: or requireNamespace() instead.
See section 'Suggested packages' in the 'Writing R Extensions' manual.
Flavors: r-devel-linux-x86_64-debian-clang, r-devel-linux-x86_64-debian-gcc, r-devel-linux-x86_64-fedora-clang, r-devel-linux-x86_64-fedora-gcc, r-devel-windows-x86_64, r-patched-linux-x86_64, r-release-linux-x86_64, r-release-macos-arm64, r-release-macos-x86_64, r-release-windows-x86_64