CRAN Package Check Results for Package samplingin

Last updated on 2024-06-19 00:49:40 CEST.

Flavor Version Tinstall Tcheck Ttotal Status Flags
r-devel-linux-x86_64-debian-clang 1.1.0 6.39 65.60 71.99 OK
r-devel-linux-x86_64-debian-gcc 1.1.0 5.05 47.55 52.60 OK
r-devel-linux-x86_64-fedora-clang 1.1.0 88.53 NOTE
r-devel-linux-x86_64-fedora-gcc 1.1.0 96.53 NOTE
r-devel-windows-x86_64 1.1.0 7.00 66.00 73.00 OK
r-patched-linux-x86_64 1.1.0 6.79 61.01 67.80 OK
r-release-linux-x86_64 1.1.0 7.08 61.28 68.36 OK
r-release-macos-arm64 1.1.0 41.00 OK
r-release-macos-x86_64 1.1.0 51.00 OK
r-release-windows-x86_64 1.1.0 8.00 69.00 77.00 OK
r-oldrel-macos-arm64 1.1.0 38.00 OK
r-oldrel-macos-x86_64 1.1.0 77.00 OK
r-oldrel-windows-x86_64 1.1.0 8.00 73.00 81.00 OK

Check Details

Version: 1.1.0
Check: dependencies in R code
Result: NOTE Namespace in Imports field not imported from: ‘base’ All declared Imports should be used. Flavors: r-devel-linux-x86_64-fedora-clang, r-devel-linux-x86_64-fedora-gcc