CRAN Package Check Results for Package salty

Last updated on 2022-01-21 23:49:00 CET.

Flavor Version Tinstall Tcheck Ttotal Status Flags
r-devel-linux-x86_64-debian-clang 0.1.0 2.22 49.94 52.16 NOTE
r-devel-linux-x86_64-debian-gcc 0.1.0 2.09 37.08 39.17 NOTE
r-devel-linux-x86_64-fedora-clang 0.1.0 63.45 NOTE
r-devel-linux-x86_64-fedora-gcc 0.1.0 52.29 NOTE
r-devel-windows-x86_64-new-UL 0.1.0 24.00 71.00 95.00 NOTE
r-devel-windows-x86_64-new-TK 0.1.0 NOTE
r-patched-linux-x86_64 0.1.0 2.73 48.53 51.26 NOTE
r-release-linux-x86_64 0.1.0 2.39 48.20 50.59 NOTE
r-release-macos-arm64 0.1.0 NOTE
r-release-macos-x86_64 0.1.0 NOTE
r-release-windows-ix86+x86_64 0.1.0 6.00 61.00 67.00 NOTE
r-oldrel-macos-x86_64 0.1.0 OK
r-oldrel-windows-ix86+x86_64 0.1.0 6.00 69.00 75.00 OK

Check Details

Version: 0.1.0
Check: LazyData
Result: NOTE
     'LazyData' is specified without a 'data' directory
Flavors: r-devel-linux-x86_64-debian-clang, r-devel-linux-x86_64-debian-gcc, r-devel-linux-x86_64-fedora-clang, r-devel-linux-x86_64-fedora-gcc, r-devel-windows-x86_64-new-UL, r-devel-windows-x86_64-new-TK, r-patched-linux-x86_64, r-release-linux-x86_64, r-release-macos-arm64, r-release-macos-x86_64, r-release-windows-ix86+x86_64