Last updated on 2022-05-26 23:53:06 CEST.
Flavor | Version | Tinstall | Tcheck | Ttotal | Status | Flags |
---|---|---|---|---|---|---|
r-devel-linux-x86_64-debian-clang | 1.0.0 | 18.88 | 57.41 | 76.29 | OK | |
r-devel-linux-x86_64-debian-gcc | 1.0.0 | 20.05 | 52.24 | 72.29 | OK | |
r-devel-linux-x86_64-fedora-clang | 1.0.0 | 104.42 | NOTE | |||
r-devel-linux-x86_64-fedora-gcc | 1.0.0 | 94.14 | NOTE | |||
r-devel-windows-x86_64 | 1.0.0 | 59.00 | 88.00 | 147.00 | OK | |
r-patched-linux-x86_64 | 1.0.0 | 20.41 | 58.09 | 78.50 | OK | |
r-release-linux-x86_64 | 1.0.0 | 20.36 | 58.54 | 78.90 | OK | |
r-release-macos-arm64 | 1.0.0 | 44.00 | NOTE | |||
r-release-macos-x86_64 | 1.0.0 | 56.00 | NOTE | |||
r-release-windows-x86_64 | 1.0.0 | 44.00 | 86.00 | 130.00 | OK | |
r-oldrel-macos-arm64 | 1.0.0 | 46.00 | NOTE | |||
r-oldrel-macos-x86_64 | 1.0.0 | 95.00 | NOTE | |||
r-oldrel-windows-ix86+x86_64 | 1.0.0 | 43.00 | 54.00 | 97.00 | OK |
Version: 1.0.0
Check: data for non-ASCII characters
Result: NOTE
Note: found 3 marked Latin-1 strings
Flavors: r-devel-linux-x86_64-fedora-clang, r-devel-linux-x86_64-fedora-gcc, r-release-macos-arm64, r-release-macos-x86_64, r-oldrel-macos-arm64, r-oldrel-macos-x86_64