CRAN Package Check Results for Package safetyData

Last updated on 2024-07-18 00:55:05 CEST.

Flavor Version Tinstall Tcheck Ttotal Status Flags
r-devel-linux-x86_64-debian-clang 1.0.0 15.84 49.76 65.60 OK
r-devel-linux-x86_64-debian-gcc 1.0.0 19.07 39.27 58.34 OK
r-devel-linux-x86_64-fedora-clang 1.0.0 87.99 NOTE
r-devel-linux-x86_64-fedora-gcc 1.0.0 91.09 NOTE
r-devel-windows-x86_64 1.0.0 23.00 60.00 83.00 OK
r-patched-linux-x86_64 1.0.0 22.04 48.65 70.69 OK
r-release-linux-x86_64 1.0.0 19.10 48.04 67.14 OK
r-release-macos-arm64 1.0.0 39.00 OK
r-release-macos-x86_64 1.0.0 93.00 OK
r-release-windows-x86_64 1.0.0 23.00 60.00 83.00 OK
r-oldrel-macos-arm64 1.0.0 43.00 OK
r-oldrel-macos-x86_64 1.0.0 77.00 OK
r-oldrel-windows-x86_64 1.0.0 25.00 75.00 100.00 OK

Check Details

Version: 1.0.0
Check: data for non-ASCII characters
Result: NOTE Note: found 3 marked Latin-1 strings Flavors: r-devel-linux-x86_64-fedora-clang, r-devel-linux-x86_64-fedora-gcc