CRAN Package Check Results for Package safetyCharts

Last updated on 2022-01-26 23:50:31 CET.

Flavor Version Tinstall Tcheck Ttotal Status Flags
r-devel-linux-x86_64-debian-clang 0.2.0 8.12 84.94 93.06 OK
r-devel-linux-x86_64-debian-gcc 0.2.0 5.30 63.88 69.18 OK
r-devel-linux-x86_64-fedora-clang 0.2.0 116.51 NOTE
r-devel-linux-x86_64-fedora-gcc 0.2.0 108.38 NOTE
r-devel-windows-x86_64-new-UL 0.2.0 368.00 107.00 475.00 OK
r-devel-windows-x86_64-new-TK 0.2.0 NOTE
r-patched-linux-x86_64 0.2.0 7.21 77.58 84.79 OK
r-release-linux-x86_64 0.2.0 5.86 76.73 82.59 OK
r-release-macos-arm64 0.2.0 NOTE
r-release-macos-x86_64 0.2.0 NOTE
r-release-windows-ix86+x86_64 0.2.0 19.00 96.00 115.00 OK
r-oldrel-macos-x86_64 0.2.0 NOTE
r-oldrel-windows-ix86+x86_64 0.2.0 19.00 99.00 118.00 OK

Check Details

Version: 0.2.0
Check: dependencies in R code
Result: NOTE
    Namespaces in Imports field not imported from:
     ‘kableExtra’ ‘knitr’
     All declared Imports should be used.
Flavors: r-devel-linux-x86_64-fedora-clang, r-devel-linux-x86_64-fedora-gcc, r-devel-windows-x86_64-new-TK, r-release-macos-arm64, r-release-macos-x86_64, r-oldrel-macos-x86_64