Last updated on 2025-01-16 00:49:42 CET.
Flavor | Version | Tinstall | Tcheck | Ttotal | Status | Flags |
---|---|---|---|---|---|---|
r-devel-linux-x86_64-debian-clang | 1.0.4 | 19.03 | 149.14 | 168.17 | NOTE | |
r-devel-linux-x86_64-debian-gcc | 1.0.4 | 12.73 | 110.40 | 123.13 | NOTE | |
r-devel-linux-x86_64-fedora-clang | 1.0.4 | 267.47 | OK | |||
r-devel-linux-x86_64-fedora-gcc | 1.0.4 | 279.26 | OK | |||
r-devel-windows-x86_64 | 1.0.4 | 19.00 | 152.00 | 171.00 | NOTE | |
r-patched-linux-x86_64 | 1.0.4 | 25.56 | 138.59 | 164.15 | OK | |
r-release-linux-x86_64 | 1.0.4 | 17.10 | 139.03 | 156.13 | OK | |
r-release-macos-arm64 | 1.0.4 | 84.00 | OK | |||
r-release-macos-x86_64 | 1.0.4 | 237.00 | OK | |||
r-release-windows-x86_64 | 1.0.4 | 18.00 | 150.00 | 168.00 | OK | |
r-oldrel-macos-arm64 | 1.0.4 | 84.00 | OK | |||
r-oldrel-macos-x86_64 | 1.0.4 | 162.00 | OK | |||
r-oldrel-windows-x86_64 | 1.0.4 | 24.00 | 224.00 | 248.00 | OK |
Version: 1.0.4
Check: Rd cross-references
Result: NOTE
Found the following Rd file(s) with Rd \link{} targets missing package
anchors:
compare_pred.Rd: emdi
write.excel.Rd: openxlsx
Please provide package anchors for all Rd \link{} targets not in the
package itself and the base packages.
Flavors: r-devel-linux-x86_64-debian-clang, r-devel-linux-x86_64-debian-gcc, r-devel-windows-x86_64