CRAN Package Check Results for Package saeHB.zinb

Last updated on 2023-06-09 00:54:34 CEST.

Flavor Version Tinstall Tcheck Ttotal Status Flags
r-devel-linux-x86_64-debian-clang 0.1.1 4.24 61.79 66.03 OK
r-devel-linux-x86_64-debian-gcc 0.1.1 3.40 46.83 50.23 OK
r-devel-linux-x86_64-fedora-clang 0.1.1 83.45 OK
r-devel-linux-x86_64-fedora-gcc 0.1.1 89.17 OK
r-devel-windows-x86_64 0.1.1 6.00 75.00 81.00 OK
r-patched-linux-x86_64 0.1.1 4.25 59.76 64.01 OK
r-release-linux-x86_64 0.1.1 3.76 60.43 64.19 OK
r-release-macos-arm64 0.1.1 38.00 OK
r-release-macos-x86_64 0.1.1 49.00 NOTE
r-release-windows-x86_64 0.1.1 6.00 82.00 88.00 OK
r-oldrel-macos-arm64 0.1.1 26.00 OK
r-oldrel-macos-x86_64 0.1.1 36.00 OK
r-oldrel-windows-x86_64 0.1.1 6.00 84.00 90.00 OK

Check Details

Version: 0.1.1
Check: package dependencies
Result: NOTE
    Package suggested but not available for checking: ‘saeHB’
Flavor: r-release-macos-x86_64