CRAN Package Check Results for Package sFFLHD

Last updated on 2022-05-23 23:50:15 CEST.

Flavor Version Tinstall Tcheck Ttotal Status Flags
r-devel-linux-x86_64-debian-clang 0.1.2 4.11 78.78 82.89 NOTE
r-devel-linux-x86_64-debian-gcc 0.1.2 4.61 57.18 61.79 NOTE
r-devel-linux-x86_64-fedora-clang 0.1.2 102.12 NOTE
r-devel-linux-x86_64-fedora-gcc 0.1.2 85.34 NOTE
r-devel-windows-x86_64 0.1.2 15.00 92.00 107.00 NOTE
r-patched-linux-x86_64 0.1.2 6.10 72.92 79.02 NOTE
r-release-linux-x86_64 0.1.2 NOTE
r-release-macos-arm64 0.1.2 27.00 NOTE
r-release-macos-x86_64 0.1.2 41.00 NOTE
r-release-windows-x86_64 0.1.2 14.00 93.00 107.00 NOTE
r-oldrel-macos-arm64 0.1.2 39.00 NOTE
r-oldrel-macos-x86_64 0.1.2 57.00 NOTE
r-oldrel-windows-ix86+x86_64 0.1.2 15.00 93.00 108.00 NOTE

Check Details

Version: 0.1.2
Check: LazyData
Result: NOTE
     'LazyData' is specified without a 'data' directory
Flavors: r-devel-linux-x86_64-debian-clang, r-devel-linux-x86_64-debian-gcc, r-devel-linux-x86_64-fedora-clang, r-devel-linux-x86_64-fedora-gcc, r-devel-windows-x86_64, r-patched-linux-x86_64, r-release-linux-x86_64, r-release-macos-arm64, r-release-macos-x86_64, r-release-windows-x86_64, r-oldrel-macos-arm64, r-oldrel-macos-x86_64, r-oldrel-windows-ix86+x86_64

Version: 0.1.2
Check: dependencies in R code
Result: NOTE
    Namespace in Imports field not imported from: ‘R6’
     All declared Imports should be used.
Flavors: r-devel-linux-x86_64-fedora-clang, r-devel-linux-x86_64-fedora-gcc, r-release-macos-arm64, r-release-macos-x86_64, r-oldrel-macos-arm64, r-oldrel-macos-x86_64