Last updated on 2023-05-30 00:59:56 CEST.
Flavor | Version | Tinstall | Tcheck | Ttotal | Status | Flags |
---|---|---|---|---|---|---|
r-devel-linux-x86_64-debian-clang | 3.6.2 | 11.56 | 79.88 | 91.44 | OK | |
r-devel-linux-x86_64-debian-gcc | 3.6.2 | 7.31 | 59.38 | 66.69 | OK | |
r-devel-linux-x86_64-fedora-clang | 3.6.2 | 121.25 | NOTE | |||
r-devel-linux-x86_64-fedora-gcc | 3.6.2 | 116.88 | OK | |||
r-devel-windows-x86_64 | 3.6.2 | 11.00 | 84.00 | 95.00 | OK | |
r-patched-linux-x86_64 | 3.6.2 | 8.67 | 75.62 | 84.29 | OK | |
r-release-linux-x86_64 | 3.6.2 | 10.59 | 75.05 | 85.64 | OK | |
r-release-macos-arm64 | 3.6.2 | 67.00 | OK | |||
r-release-macos-x86_64 | 3.6.2 | 82.00 | OK | |||
r-release-windows-x86_64 | 3.6.2 | 13.00 | 97.00 | 110.00 | OK | |
r-oldrel-macos-arm64 | 3.6.2 | 54.00 | OK | |||
r-oldrel-macos-x86_64 | 3.6.2 | 71.00 | OK | |||
r-oldrel-windows-x86_64 | 3.6.2 | 13.00 | 101.00 | 114.00 | OK |
Version: 3.6.2
Check: Rd cross-references
Result: NOTE
Undeclared package ‘rym’ in Rd xrefs
Flavor: r-devel-linux-x86_64-fedora-clang