Last updated on 2023-10-03 01:05:03 CEST.
Flavor | Version | Tinstall | Tcheck | Ttotal | Status | Flags |
---|---|---|---|---|---|---|
r-devel-linux-x86_64-debian-clang | 2.0.11 | 109.31 | 39.42 | 148.73 | OK | |
r-devel-linux-x86_64-debian-gcc | 2.0.11 | 71.67 | 30.55 | 102.22 | OK | |
r-devel-linux-x86_64-fedora-clang | 2.0.11 | 199.03 | OK | |||
r-devel-linux-x86_64-fedora-gcc | 2.0.11 | 210.42 | OK | |||
r-devel-windows-x86_64 | 2.0.11 | 78.00 | 83.00 | 161.00 | OK | |
r-patched-linux-x86_64 | 2.0.11 | 102.18 | 38.65 | 140.83 | OK | |
r-release-linux-x86_64 | 2.0.11 | 93.25 | 38.87 | 132.12 | OK | |
r-release-macos-arm64 | 2.0.11 | 54.00 | NOTE | |||
r-release-macos-x86_64 | 2.0.11 | 89.00 | NOTE | |||
r-release-windows-x86_64 | 2.0.11 | 104.00 | 90.00 | 194.00 | OK | |
r-oldrel-macos-arm64 | 2.0.11 | 55.00 | NOTE | |||
r-oldrel-macos-x86_64 | 2.0.11 | 69.00 | NOTE | |||
r-oldrel-windows-x86_64 | 2.0.11 | 93.00 | 83.00 | 176.00 | OK |
Version: 2.0.11
Check: installed package size
Result: NOTE
installed size is 6.8Mb
sub-directories of 1Mb or more:
libs 6.6Mb
Flavors: r-release-macos-arm64, r-release-macos-x86_64, r-oldrel-macos-arm64, r-oldrel-macos-x86_64