CRAN Package Check Results for Package rxode2

Last updated on 2022-12-05 23:50:40 CET.

Flavor Version Tinstall Tcheck Ttotal Status Flags
r-devel-linux-x86_64-debian-clang 2.0.11 271.75 217.17 488.92 OK
r-devel-linux-x86_64-debian-gcc 2.0.11 211.36 155.23 366.59 OK
r-devel-linux-x86_64-fedora-clang 2.0.11 650.64 OK
r-devel-linux-x86_64-fedora-gcc 2.0.11 631.50 OK
r-devel-windows-x86_64 2.0.11 376.00 318.00 694.00 OK
r-patched-linux-x86_64 2.0.11 213.52 188.21 401.73 OK
r-release-linux-x86_64 2.0.11 180.82 189.45 370.27 OK
r-release-macos-arm64 2.0.11 198.00 OK
r-release-macos-x86_64 2.0.11 198.00 OK
r-release-windows-x86_64 2.0.11 390.00 288.00 678.00 OK
r-oldrel-macos-arm64 2.0.11 178.00 OK
r-oldrel-macos-x86_64 2.0.11 189.00 OK
r-oldrel-windows-ix86+x86_64 2.0.11 621.00 337.00 958.00 NOTE

Check Details

Version: 2.0.11
Check: installed package size
Result: NOTE
     installed size is 7.8Mb
     sub-directories of 1Mb or more:
     libs 5.4Mb
Flavor: r-oldrel-windows-ix86+x86_64