CRAN Package Check Results for Package rwt

Last updated on 2021-11-28 23:50:39 CET.

Flavor Version Tinstall Tcheck Ttotal Status Flags
r-devel-linux-x86_64-debian-clang 1.0.0 NOTE
r-devel-linux-x86_64-debian-gcc 1.0.0 3.90 24.87 28.77 NOTE
r-devel-linux-x86_64-fedora-clang 1.0.0 55.51 NOTE
r-devel-linux-x86_64-fedora-gcc 1.0.0 43.64 NOTE
r-devel-windows-x86_64-new-UL 1.0.0 22.00 69.00 91.00 NOTE
r-devel-windows-x86_64-new-TK 1.0.0 NOTE
r-devel-windows-x86_64-old 1.0.0 11.00 40.00 51.00 NOTE
r-patched-linux-x86_64 1.0.0 4.82 29.74 34.56 NOTE
r-patched-solaris-x86 1.0.0 73.20 NOTE
r-release-linux-x86_64 1.0.0 4.87 29.55 34.42 NOTE
r-release-macos-arm64 1.0.0 NOTE
r-release-macos-x86_64 1.0.0 NOTE
r-release-windows-ix86+x86_64 1.0.0 20.00 51.00 71.00 NOTE
r-oldrel-macos-x86_64 1.0.0 NOTE
r-oldrel-windows-ix86+x86_64 1.0.0 17.00 48.00 65.00 NOTE

Additional issues

rchk

Check Details

Version: 1.0.0
Check: R code for possible problems
Result: NOTE
    .dwt: no visible global function definition for 'median'
    .udwt: no visible global function definition for 'median'
    plotSignalTransformation: no visible global function definition for
     'box'
    plotSignalTransformation: no visible global function definition for
     'axis'
    plotSignalTransformation: no visible global function definition for
     'lines'
    plotSignalTransformation: no visible global function definition for
     'legend'
    Undefined global functions or variables:
     axis box legend lines median
    Consider adding
     importFrom("graphics", "axis", "box", "legend", "lines")
     importFrom("stats", "median")
    to your NAMESPACE file.
Flavors: r-devel-linux-x86_64-debian-clang, r-devel-linux-x86_64-debian-gcc, r-devel-linux-x86_64-fedora-clang, r-devel-linux-x86_64-fedora-gcc, r-devel-windows-x86_64-new-UL, r-devel-windows-x86_64-new-TK, r-devel-windows-x86_64-old, r-patched-linux-x86_64, r-patched-solaris-x86, r-release-linux-x86_64, r-release-macos-arm64, r-release-macos-x86_64, r-release-windows-ix86+x86_64, r-oldrel-macos-x86_64, r-oldrel-windows-ix86+x86_64