CRAN Package Check Results for Package rworldxtra

Last updated on 2022-05-17 23:56:45 CEST.

Flavor Version Tinstall Tcheck Ttotal Status Flags
r-devel-linux-x86_64-debian-clang 1.01 2.34 31.42 33.76 NOTE
r-devel-linux-x86_64-debian-gcc 1.01 1.56 24.45 26.01 NOTE
r-devel-linux-x86_64-fedora-clang 1.01 42.90 NOTE
r-devel-linux-x86_64-fedora-gcc 1.01 39.99 NOTE
r-devel-windows-x86_64 1.01 7.00 50.00 57.00 NOTE
r-patched-linux-x86_64 1.01 1.76 30.42 32.18 NOTE
r-release-linux-x86_64 1.01 2.74 30.87 33.61 NOTE
r-release-macos-arm64 1.01 16.00 NOTE
r-release-macos-x86_64 1.01 21.00 NOTE
r-release-windows-x86_64 1.01 7.00 49.00 56.00 NOTE
r-oldrel-macos-arm64 1.01 18.00 NOTE
r-oldrel-macos-x86_64 1.01 30.00 NOTE
r-oldrel-windows-ix86+x86_64 1.01 8.00 41.00 49.00 NOTE

Check Details

Version: 1.01
Check: DESCRIPTION meta-information
Result: NOTE
    Malformed Title field: should not end in a period.
Flavors: r-devel-linux-x86_64-debian-clang, r-devel-linux-x86_64-debian-gcc, r-devel-linux-x86_64-fedora-clang, r-devel-linux-x86_64-fedora-gcc, r-devel-windows-x86_64, r-patched-linux-x86_64, r-release-linux-x86_64, r-release-macos-arm64, r-release-macos-x86_64, r-release-windows-x86_64, r-oldrel-macos-arm64, r-oldrel-macos-x86_64, r-oldrel-windows-ix86+x86_64

Version: 1.01
Check: installed package size
Result: NOTE
     installed size is 5.1Mb
     sub-directories of 1Mb or more:
     data 5.0Mb
Flavors: r-devel-linux-x86_64-fedora-clang, r-devel-windows-x86_64, r-release-macos-arm64, r-release-macos-x86_64, r-release-windows-x86_64, r-oldrel-macos-arm64, r-oldrel-macos-x86_64, r-oldrel-windows-ix86+x86_64