CRAN Package Check Results for Package ruta

Last updated on 2021-12-04 23:50:45 CET.

Flavor Version Tinstall Tcheck Ttotal Status Flags
r-devel-linux-x86_64-debian-clang 1.1.0 6.34 51.52 57.86 NOTE
r-devel-linux-x86_64-debian-gcc 1.1.0 4.63 40.63 45.26 NOTE
r-devel-linux-x86_64-fedora-clang 1.1.0 71.83 NOTE
r-devel-linux-x86_64-fedora-gcc 1.1.0 60.05 NOTE
r-devel-windows-x86_64-new-UL 1.1.0 19.00 98.00 117.00 NOTE
r-devel-windows-x86_64-new-TK 1.1.0 NOTE
r-devel-windows-x86_64-old 1.1.0 10.00 51.00 61.00 NOTE
r-patched-linux-x86_64 1.1.0 6.18 42.03 48.21 NOTE
r-release-linux-x86_64 1.1.0 5.98 43.55 49.53 NOTE
r-release-macos-arm64 1.1.0 NOTE
r-release-macos-x86_64 1.1.0 NOTE
r-release-windows-ix86+x86_64 1.1.0 11.00 67.00 78.00 NOTE
r-oldrel-macos-x86_64 1.1.0 OK
r-oldrel-windows-ix86+x86_64 1.1.0 12.00 65.00 77.00 OK

Check Details

Version: 1.1.0
Check: LazyData
Result: NOTE
     'LazyData' is specified without a 'data' directory
Flavors: r-devel-linux-x86_64-debian-clang, r-devel-linux-x86_64-debian-gcc, r-devel-linux-x86_64-fedora-clang, r-devel-linux-x86_64-fedora-gcc, r-devel-windows-x86_64-new-UL, r-devel-windows-x86_64-new-TK, r-devel-windows-x86_64-old, r-patched-linux-x86_64, r-release-linux-x86_64, r-release-macos-arm64, r-release-macos-x86_64, r-release-windows-ix86+x86_64