Last updated on 2023-01-30 00:31:24 CET.
Flavor | Version | Tinstall | Tcheck | Ttotal | Status | Flags |
---|---|---|---|---|---|---|
r-devel-linux-x86_64-debian-clang | 1.4.0 | 51.96 | 276.68 | 328.64 | OK | |
r-devel-linux-x86_64-debian-gcc | 1.4.0 | 51.55 | 186.26 | 237.81 | NOTE | |
r-devel-linux-x86_64-fedora-clang | 1.4.0 | 428.97 | NOTE | |||
r-devel-linux-x86_64-fedora-gcc | 1.4.0 | 462.30 | NOTE | |||
r-devel-windows-x86_64 | 1.4.0 | 78.00 | 312.00 | 390.00 | NOTE | |
r-patched-linux-x86_64 | 1.4.0 | 51.96 | 257.06 | 309.02 | OK | |
r-release-linux-x86_64 | 1.4.0 | 44.44 | 251.57 | 296.01 | OK | |
r-release-macos-arm64 | 1.4.0 | 106.00 | OK | |||
r-release-macos-x86_64 | 1.4.0 | 122.00 | OK | |||
r-release-windows-x86_64 | 1.4.0 | 62.00 | 280.00 | 342.00 | OK | |
r-oldrel-macos-arm64 | 1.4.0 | 105.00 | OK | |||
r-oldrel-macos-x86_64 | 1.4.0 | 128.00 | OK | |||
r-oldrel-windows-ix86+x86_64 | 1.4.0 | 135.00 | 333.00 | 468.00 | OK |
Version: 1.4.0
Check: C++ specification
Result: NOTE
Specified C++11: please update to current default of C++17
Flavors: r-devel-linux-x86_64-debian-gcc, r-devel-linux-x86_64-fedora-clang, r-devel-linux-x86_64-fedora-gcc, r-devel-windows-x86_64