CRAN Package Check Results for Package rtweet

Last updated on 2021-10-25 23:52:59 CEST.

Flavor Version Tinstall Tcheck Ttotal Status Flags
r-devel-linux-x86_64-debian-clang 0.7.0 11.46 65.56 77.02 OK
r-devel-linux-x86_64-debian-gcc 0.7.0 9.27 50.18 59.45 OK
r-devel-linux-x86_64-fedora-clang 0.7.0 104.24 NOTE
r-devel-linux-x86_64-fedora-gcc 0.7.0 94.64 NOTE
r-devel-windows-x86_64 0.7.0 19.00 93.00 112.00 OK
r-devel-windows-x86_64-gcc10-UCRT 0.7.0 NOTE
r-patched-linux-x86_64 0.7.0 12.32 66.20 78.52 OK
r-patched-solaris-x86 0.7.0 124.30 NOTE
r-release-linux-x86_64 0.7.0 11.34 65.90 77.24 OK
r-release-macos-arm64 0.7.0 NOTE
r-release-macos-x86_64 0.7.0 NOTE
r-release-windows-ix86+x86_64 0.7.0 14.00 76.00 90.00 OK
r-oldrel-macos-x86_64 0.7.0 NOTE
r-oldrel-windows-ix86+x86_64 0.7.0 22.00 90.00 112.00 OK

Check Details

Version: 0.7.0
Check: dependencies in R code
Result: NOTE
    Namespace in Imports field not imported from: ‘Rcpp’
     All declared Imports should be used.
Flavors: r-devel-linux-x86_64-fedora-clang, r-devel-linux-x86_64-fedora-gcc, r-devel-windows-x86_64-gcc10-UCRT, r-patched-solaris-x86, r-release-macos-arm64, r-release-macos-x86_64, r-oldrel-macos-x86_64

Version: 0.7.0
Check: data for non-ASCII characters
Result: NOTE
     Note: found 113868 marked UTF-8 strings
Flavors: r-devel-linux-x86_64-fedora-clang, r-devel-linux-x86_64-fedora-gcc, r-devel-windows-x86_64-gcc10-UCRT, r-patched-solaris-x86, r-release-macos-arm64, r-release-macos-x86_64, r-oldrel-macos-x86_64