Last updated on 2023-01-30 00:31:24 CET.
Flavor | Version | Tinstall | Tcheck | Ttotal | Status | Flags |
---|---|---|---|---|---|---|
r-devel-linux-x86_64-debian-clang | 0.1.4 | 59.40 | 262.82 | 322.22 | OK | |
r-devel-linux-x86_64-debian-gcc | 0.1.4 | 51.26 | 192.09 | 243.35 | NOTE | |
r-devel-linux-x86_64-fedora-clang | 0.1.4 | 445.45 | NOTE | |||
r-devel-linux-x86_64-fedora-gcc | 0.1.4 | 462.21 | NOTE | |||
r-devel-windows-x86_64 | 0.1.4 | 80.00 | 289.00 | 369.00 | NOTE | |
r-patched-linux-x86_64 | 0.1.4 | 60.28 | 255.72 | 316.00 | OK | |
r-release-linux-x86_64 | 0.1.4 | 60.04 | 255.48 | 315.52 | OK | |
r-release-macos-arm64 | 0.1.4 | 94.00 | OK | |||
r-release-macos-x86_64 | 0.1.4 | 115.00 | OK | |||
r-release-windows-x86_64 | 0.1.4 | 63.00 | 276.00 | 339.00 | OK | |
r-oldrel-macos-arm64 | 0.1.4 | 89.00 | OK | |||
r-oldrel-macos-x86_64 | 0.1.4 | 114.00 | OK | |||
r-oldrel-windows-ix86+x86_64 | 0.1.4 | 168.00 | 368.00 | 536.00 | OK |
Version: 0.1.4
Check: C++ specification
Result: NOTE
Specified C++11: please update to current default of C++17
Flavors: r-devel-linux-x86_64-debian-gcc, r-devel-linux-x86_64-fedora-clang, r-devel-linux-x86_64-fedora-gcc, r-devel-windows-x86_64