CRAN Package Check Results for Package rtkore

Last updated on 2023-02-06 23:55:57 CET.

Flavor Version Tinstall Tcheck Ttotal Status Flags
r-devel-linux-x86_64-debian-clang 1.6.7 28.36 69.52 97.88 NOTE
r-devel-linux-x86_64-debian-gcc 1.6.7 24.46 56.32 80.78 NOTE
r-devel-linux-x86_64-fedora-clang 1.6.7 140.34 NOTE
r-devel-linux-x86_64-fedora-gcc 1.6.7 148.82 NOTE
r-devel-windows-x86_64 1.6.7 242.00 235.00 477.00 NOTE
r-patched-linux-x86_64 1.6.7 30.84 67.73 98.57 OK
r-release-linux-x86_64 1.6.7 29.60 66.51 96.11 OK
r-release-macos-arm64 1.6.7 59.00 NOTE
r-release-macos-x86_64 1.6.7 68.00 NOTE
r-release-windows-x86_64 1.6.7 223.00 229.00 452.00 OK
r-oldrel-macos-arm64 1.6.7 56.00 NOTE
r-oldrel-macos-x86_64 1.6.7 71.00 NOTE
r-oldrel-windows-ix86+x86_64 1.6.7 84.00 163.00 247.00 NOTE

Check Details

Version: 1.6.7
Check: C++ specification
Result: NOTE
     Specified C++11: please update to current default of C++17
Flavors: r-devel-linux-x86_64-debian-clang, r-devel-linux-x86_64-debian-gcc, r-devel-linux-x86_64-fedora-clang, r-devel-linux-x86_64-fedora-gcc, r-devel-windows-x86_64

Version: 1.6.7
Check: installed package size
Result: NOTE
     installed size is 6.0Mb
     sub-directories of 1Mb or more:
     libs 2.4Mb
     projects 2.9Mb
Flavors: r-release-macos-arm64, r-release-macos-x86_64, r-oldrel-macos-arm64, r-oldrel-macos-x86_64, r-oldrel-windows-ix86+x86_64