Last updated on 2022-05-15 23:51:40 CEST.
Flavor | Version | Tinstall | Tcheck | Ttotal | Status | Flags |
---|---|---|---|---|---|---|
r-devel-linux-x86_64-debian-clang | 0.1.22 | 23.82 | 84.01 | 107.83 | OK | |
r-devel-linux-x86_64-debian-gcc | 0.1.22 | 17.77 | 65.09 | 82.86 | OK | |
r-devel-linux-x86_64-fedora-clang | 0.1.22 | 139.43 | NOTE | |||
r-devel-linux-x86_64-fedora-gcc | 0.1.22 | 126.31 | NOTE | |||
r-devel-windows-x86_64 | 0.1.22 | 38.00 | 117.00 | 155.00 | OK | |
r-patched-linux-x86_64 | 0.1.22 | 18.13 | 80.52 | 98.65 | OK | |
r-release-linux-x86_64 | 0.1.22 | 23.06 | 80.21 | 103.27 | OK | |
r-release-macos-arm64 | 0.1.22 | 40.00 | NOTE | |||
r-release-macos-x86_64 | 0.1.22 | 56.00 | NOTE | |||
r-release-windows-x86_64 | 0.1.22 | 36.00 | 118.00 | 154.00 | OK | |
r-oldrel-macos-arm64 | 0.1.22 | 48.00 | NOTE | |||
r-oldrel-macos-x86_64 | 0.1.22 | 86.00 | NOTE | |||
r-oldrel-windows-ix86+x86_64 | 0.1.22 | 55.00 | 167.00 | 222.00 | OK |
Version: 0.1.22
Check: dependencies in R code
Result: NOTE
Namespaces in Imports field not imported from:
‘RSQLite’ ‘stats’
All declared Imports should be used.
Flavors: r-devel-linux-x86_64-fedora-clang, r-devel-linux-x86_64-fedora-gcc, r-release-macos-arm64, r-release-macos-x86_64, r-oldrel-macos-arm64, r-oldrel-macos-x86_64
Version: 0.1.22
Check: data for non-ASCII characters
Result: NOTE
Note: found 2 marked UTF-8 strings
Flavors: r-devel-linux-x86_64-fedora-clang, r-devel-linux-x86_64-fedora-gcc, r-release-macos-arm64, r-release-macos-x86_64, r-oldrel-macos-arm64, r-oldrel-macos-x86_64