CRAN Package Check Results for Package rtern

Last updated on 2022-01-21 23:49:00 CET.

Flavor Version Tinstall Tcheck Ttotal Status Flags
r-devel-linux-x86_64-debian-clang 0.1.1 1.79 31.70 33.49 OK
r-devel-linux-x86_64-debian-gcc 0.1.1 1.64 24.72 26.36 OK
r-devel-linux-x86_64-fedora-clang 0.1.1 41.39 NOTE
r-devel-linux-x86_64-fedora-gcc 0.1.1 30.20 NOTE
r-devel-windows-x86_64-new-UL 0.1.1 16.00 67.00 83.00 OK
r-devel-windows-x86_64-new-TK 0.1.1 NOTE
r-patched-linux-x86_64 0.1.1 1.87 30.24 32.11 OK
r-release-linux-x86_64 0.1.1 1.75 30.38 32.13 OK
r-release-macos-arm64 0.1.1 NOTE
r-release-macos-x86_64 0.1.1 NOTE
r-release-windows-ix86+x86_64 0.1.1 5.00 40.00 45.00 OK
r-oldrel-macos-x86_64 0.1.1 NOTE
r-oldrel-windows-ix86+x86_64 0.1.1 6.00 39.00 45.00 OK

Check Details

Version: 0.1.1
Check: dependencies in R code
Result: NOTE
    Namespace in Imports field not imported from: ‘lifecycle’
     All declared Imports should be used.
Flavors: r-devel-linux-x86_64-fedora-clang, r-devel-linux-x86_64-fedora-gcc, r-devel-windows-x86_64-new-TK, r-release-macos-arm64, r-release-macos-x86_64, r-oldrel-macos-x86_64