CRAN Package Check Results for Package rsvddpd

Last updated on 2024-06-25 00:58:14 CEST.

Flavor Version Tinstall Tcheck Ttotal Status Flags
r-devel-linux-x86_64-debian-clang 1.0.0 41.47 37.71 79.18 NOTE
r-devel-linux-x86_64-debian-gcc 1.0.0 26.91 29.01 55.92 NOTE
r-devel-linux-x86_64-fedora-clang 1.0.0 107.06 NOTE
r-devel-linux-x86_64-fedora-gcc 1.0.0 123.89 NOTE
r-devel-windows-x86_64 1.0.0 31.00 72.00 103.00 NOTE
r-patched-linux-x86_64 1.0.0 27.19 36.11 63.30 NOTE
r-release-linux-x86_64 1.0.0 31.30 36.32 67.62 NOTE
r-release-macos-arm64 1.0.0 36.00 NOTE
r-release-macos-x86_64 1.0.0 51.00 NOTE
r-release-windows-x86_64 1.0.0 31.00 69.00 100.00 NOTE
r-oldrel-macos-arm64 1.0.0 34.00 NOTE
r-oldrel-macos-x86_64 1.0.0 64.00 NOTE
r-oldrel-windows-x86_64 1.0.0 36.00 80.00 116.00 NOTE

Check Details

Version: 1.0.0
Check: C++ specification
Result: NOTE Specified C++11: please drop specification unless essential Flavors: r-devel-linux-x86_64-debian-clang, r-devel-linux-x86_64-debian-gcc, r-devel-linux-x86_64-fedora-clang, r-devel-linux-x86_64-fedora-gcc, r-devel-windows-x86_64, r-patched-linux-x86_64, r-release-linux-x86_64, r-release-macos-arm64, r-release-macos-x86_64, r-release-windows-x86_64, r-oldrel-macos-arm64, r-oldrel-macos-x86_64, r-oldrel-windows-x86_64