Last updated on 2023-01-30 00:31:23 CET.
Flavor | Version | Tinstall | Tcheck | Ttotal | Status | Flags |
---|---|---|---|---|---|---|
r-devel-linux-x86_64-debian-clang | 0.1.3 | 120.97 | 166.10 | 287.07 | NOTE | |
r-devel-linux-x86_64-debian-gcc | 0.1.3 | 105.31 | 128.04 | 233.35 | NOTE | |
r-devel-linux-x86_64-fedora-clang | 0.1.3 | 368.35 | NOTE | |||
r-devel-linux-x86_64-fedora-gcc | 0.1.3 | 431.73 | NOTE | |||
r-devel-windows-x86_64 | 0.1.3 | 109.00 | 228.00 | 337.00 | NOTE | |
r-patched-linux-x86_64 | 0.1.3 | 84.59 | 164.82 | 249.41 | NOTE | |
r-release-linux-x86_64 | 0.1.3 | 85.54 | 163.26 | 248.80 | NOTE | |
r-release-macos-arm64 | 0.1.3 | 101.00 | NOTE | |||
r-release-macos-x86_64 | 0.1.3 | 174.00 | NOTE | |||
r-release-windows-x86_64 | 0.1.3 | 207.00 | 220.00 | 427.00 | NOTE | |
r-oldrel-macos-arm64 | 0.1.3 | 153.00 | NOTE | |||
r-oldrel-macos-x86_64 | 0.1.3 | 145.00 | NOTE | |||
r-oldrel-windows-ix86+x86_64 | 0.1.3 | 272.00 | 299.00 | 571.00 | NOTE |
Version: 0.1.3
Check: for GNU extensions in Makefiles
Result: NOTE
GNU make is a SystemRequirements.
Flavors: r-devel-linux-x86_64-debian-clang, r-devel-linux-x86_64-debian-gcc, r-devel-linux-x86_64-fedora-clang, r-devel-linux-x86_64-fedora-gcc, r-devel-windows-x86_64, r-patched-linux-x86_64, r-release-linux-x86_64, r-release-macos-arm64, r-release-macos-x86_64, r-release-windows-x86_64, r-oldrel-macos-arm64, r-oldrel-macos-x86_64, r-oldrel-windows-ix86+x86_64
Version: 0.1.3
Check: C++ specification
Result: NOTE
Specified C++14: please update to current default of C++17
Flavors: r-devel-linux-x86_64-debian-gcc, r-devel-linux-x86_64-fedora-clang, r-devel-linux-x86_64-fedora-gcc, r-devel-windows-x86_64
Version: 0.1.3
Check: installed package size
Result: NOTE
installed size is 34.1Mb
sub-directories of 1Mb or more:
libs 33.5Mb
Flavors: r-release-macos-arm64, r-release-macos-x86_64, r-oldrel-macos-arm64, r-oldrel-macos-x86_64