CRAN Package Check Results for Package rsm

Last updated on 2021-10-19 23:53:09 CEST.

Flavor Version Tinstall Tcheck Ttotal Status Flags
r-devel-linux-x86_64-debian-clang 2.10.3 5.80 97.00 102.80 OK
r-devel-linux-x86_64-debian-gcc 2.10.3 4.12 71.07 75.19 OK
r-devel-linux-x86_64-fedora-clang 2.10.3 138.09 OK
r-devel-linux-x86_64-fedora-gcc 2.10.3 130.38 OK
r-devel-windows-x86_64 2.10.3 13.00 114.00 127.00 OK
r-devel-windows-x86_64-gcc10-UCRT 2.10.3 OK
r-patched-linux-x86_64 2.10.3 5.15 87.90 93.05 OK
r-patched-solaris-x86 2.10.3 167.30 OK
r-release-linux-x86_64 2.10.3 4.95 88.91 93.86 OK
r-release-macos-arm64 2.10.2 NOTE
r-release-macos-x86_64 2.10.3 OK
r-release-windows-ix86+x86_64 2.10.3 15.00 138.00 153.00 OK
r-oldrel-macos-x86_64 2.10.3 OK
r-oldrel-windows-ix86+x86_64 2.10.3 11.00 92.00 103.00 OK

Check Details

Version: 2.10.2
Check: LazyData
Result: NOTE
     'LazyData' is specified without a 'data' directory
Flavor: r-release-macos-arm64