CRAN Package Check Results for Package rsetse

Last updated on 2024-06-14 00:53:57 CEST.

Flavor Version Tinstall Tcheck Ttotal Status Flags
r-devel-linux-x86_64-debian-clang 0.5.0 6.73 121.05 127.78 OK
r-devel-linux-x86_64-debian-gcc 0.5.0 0.43 1.85 2.28 ERROR
r-devel-linux-x86_64-fedora-clang 0.5.0 155.30 OK
r-devel-linux-x86_64-fedora-gcc 0.5.0 158.76 OK
r-devel-windows-x86_64 0.5.0 7.00 110.00 117.00 OK
r-patched-linux-x86_64 0.5.0 6.74 114.36 121.10 OK
r-release-linux-x86_64 0.5.0 6.38 116.25 122.63 OK
r-release-macos-arm64 0.5.0 48.00 OK
r-release-macos-x86_64 0.5.0 80.00 OK
r-release-windows-x86_64 0.5.0 8.00 117.00 125.00 OK
r-oldrel-macos-arm64 0.5.0 53.00 OK
r-oldrel-macos-x86_64 0.5.0 85.00 OK
r-oldrel-windows-x86_64 0.5.0 8.00 123.00 131.00 OK

Check Details

Version: 0.5.0
Check: package dependencies
Result: ERROR Packages required but not available: 'dplyr', 'igraph', 'purrr', 'tibble' Packages suggested but not available for checking: 'tidyr', 'ggplot2', 'ggraph', 'roxygen2' See section ‘The DESCRIPTION file’ in the ‘Writing R Extensions’ manual. Flavor: r-devel-linux-x86_64-debian-gcc