CRAN Package Check Results for Package rromeo

Last updated on 2021-10-24 23:52:01 CEST.

Flavor Version Tinstall Tcheck Ttotal Status Flags
r-devel-linux-x86_64-debian-clang 0.1.1 2.94 31.85 34.79 NOTE
r-devel-linux-x86_64-debian-gcc 0.1.1 2.23 25.17 27.40 NOTE
r-devel-linux-x86_64-fedora-clang 0.1.1 53.36 NOTE
r-devel-linux-x86_64-fedora-gcc 0.1.1 42.36 NOTE
r-devel-windows-x86_64 0.1.1 7.00 42.00 49.00 NOTE
r-devel-windows-x86_64-gcc10-UCRT 0.1.1 NOTE
r-patched-linux-x86_64 0.1.1 2.88 31.68 34.56 NOTE
r-patched-solaris-x86 0.1.1 68.60 NOTE
r-release-linux-x86_64 0.1.1 2.70 31.44 34.14 NOTE
r-release-macos-arm64 0.1.1 NOTE
r-release-macos-x86_64 0.1.1 NOTE
r-release-windows-ix86+x86_64 0.1.1 4.00 56.00 60.00 NOTE
r-oldrel-macos-x86_64 0.1.1 OK
r-oldrel-windows-ix86+x86_64 0.1.1 6.00 52.00 58.00 OK

Check Details

Version: 0.1.1
Check: LazyData
Result: NOTE
     'LazyData' is specified without a 'data' directory
Flavors: r-devel-linux-x86_64-debian-clang, r-devel-linux-x86_64-debian-gcc, r-devel-linux-x86_64-fedora-clang, r-devel-linux-x86_64-fedora-gcc, r-devel-windows-x86_64, r-devel-windows-x86_64-gcc10-UCRT, r-patched-linux-x86_64, r-patched-solaris-x86, r-release-linux-x86_64, r-release-macos-arm64, r-release-macos-x86_64, r-release-windows-ix86+x86_64