CRAN Package Check Results for Package rroad

Last updated on 2022-01-19 23:49:10 CET.

Flavor Version Tinstall Tcheck Ttotal Status Flags
r-devel-linux-x86_64-debian-clang 0.0.5 NOTE
r-devel-linux-x86_64-debian-gcc 0.0.5 1.50 37.92 39.42 NOTE
r-devel-linux-x86_64-fedora-clang 0.0.5 62.08 NOTE
r-devel-linux-x86_64-fedora-gcc 0.0.5 50.28 NOTE
r-devel-windows-x86_64-new-UL 0.0.5 19.00 87.00 106.00 NOTE
r-devel-windows-x86_64-new-TK 0.0.5 NOTE
r-patched-linux-x86_64 0.0.5 1.59 30.48 32.07 NOTE
r-release-linux-x86_64 0.0.5 NOTE
r-release-macos-arm64 0.0.5 NOTE
r-release-macos-x86_64 0.0.5 NOTE
r-release-windows-ix86+x86_64 0.0.5 6.00 41.00 47.00 NOTE
r-oldrel-macos-x86_64 0.0.5 OK
r-oldrel-windows-ix86+x86_64 0.0.5 6.00 40.00 46.00 OK

Check Details

Version: 0.0.5
Check: LazyData
Result: NOTE
     'LazyData' is specified without a 'data' directory
Flavors: r-devel-linux-x86_64-debian-clang, r-devel-linux-x86_64-debian-gcc, r-devel-linux-x86_64-fedora-clang, r-devel-linux-x86_64-fedora-gcc, r-devel-windows-x86_64-new-UL, r-devel-windows-x86_64-new-TK, r-patched-linux-x86_64, r-release-linux-x86_64, r-release-macos-arm64, r-release-macos-x86_64, r-release-windows-ix86+x86_64