CRAN Package Check Results for Package rprime

Last updated on 2023-06-02 01:00:37 CEST.

Flavor Version Tinstall Tcheck Ttotal Status Flags
r-devel-linux-x86_64-debian-clang 0.1.2 3.91 54.05 57.96 NOTE
r-devel-linux-x86_64-debian-gcc 0.1.2 3.34 41.67 45.01 NOTE
r-devel-linux-x86_64-fedora-clang 0.1.2 77.48 NOTE
r-devel-linux-x86_64-fedora-gcc 0.1.2 81.09 NOTE
r-devel-windows-x86_64 0.1.2 6.00 65.00 71.00 NOTE
r-patched-linux-x86_64 0.1.2 NOTE
r-release-linux-x86_64 0.1.2 3.23 52.72 55.95 NOTE
r-release-macos-arm64 0.1.2 34.00 NOTE
r-release-macos-x86_64 0.1.2 52.00 NOTE
r-release-windows-x86_64 0.1.2 7.00 68.00 75.00 NOTE
r-oldrel-macos-arm64 0.1.2 24.00 NOTE
r-oldrel-macos-x86_64 0.1.2 32.00 NOTE
r-oldrel-windows-x86_64 0.1.2 7.00 75.00 82.00 NOTE

Check Details

Version: 0.1.2
Check: LazyData
Result: NOTE
     'LazyData' is specified without a 'data' directory
Flavors: r-devel-linux-x86_64-debian-clang, r-devel-linux-x86_64-debian-gcc, r-devel-linux-x86_64-fedora-clang, r-devel-linux-x86_64-fedora-gcc, r-devel-windows-x86_64, r-patched-linux-x86_64, r-release-linux-x86_64, r-release-macos-arm64, r-release-macos-x86_64, r-release-windows-x86_64, r-oldrel-macos-arm64, r-oldrel-macos-x86_64, r-oldrel-windows-x86_64