CRAN Package Check Results for Package rpostgis

Last updated on 2021-09-23 23:50:19 CEST.

Flavor Version Tinstall Tcheck Ttotal Status Flags
r-devel-linux-x86_64-debian-clang 1.4.3 10.66 95.85 106.51 NOTE
r-devel-linux-x86_64-debian-gcc 1.4.3 10.42 72.44 82.86 NOTE
r-devel-linux-x86_64-fedora-clang 1.4.3 145.27 NOTE
r-devel-linux-x86_64-fedora-gcc 1.4.3 137.60 NOTE
r-devel-windows-x86_64 1.4.3 12.00 90.00 102.00 NOTE
r-devel-windows-x86_64-gcc10-UCRT 1.4.3 NOTE
r-patched-linux-x86_64 1.4.3 11.95 92.07 104.02 NOTE
r-patched-solaris-x86 1.4.3 177.80 NOTE
r-release-linux-x86_64 1.4.3 11.95 92.31 104.26 NOTE
r-release-macos-arm64 1.4.3 NOTE
r-release-macos-x86_64 1.4.3 NOTE
r-release-windows-ix86+x86_64 1.4.3 25.00 85.00 110.00 NOTE
r-oldrel-macos-x86_64 1.4.3 OK
r-oldrel-windows-ix86+x86_64 1.4.3 15.00 84.00 99.00 OK

Check Details

Version: 1.4.3
Check: LazyData
Result: NOTE
     'LazyData' is specified without a 'data' directory
Flavors: r-devel-linux-x86_64-debian-clang, r-devel-linux-x86_64-debian-gcc, r-devel-linux-x86_64-fedora-clang, r-devel-linux-x86_64-fedora-gcc, r-devel-windows-x86_64, r-devel-windows-x86_64-gcc10-UCRT, r-patched-linux-x86_64, r-patched-solaris-x86, r-release-linux-x86_64, r-release-macos-arm64, r-release-macos-x86_64, r-release-windows-ix86+x86_64